{"id":7695,"date":"2024-07-22T08:02:15","date_gmt":"2024-07-22T08:02:15","guid":{"rendered":"https:\/\/www.controltecnica.com\/test\/?page_id=7695"},"modified":"2025-04-16T08:51:43","modified_gmt":"2025-04-16T08:51:43","slug":"olfatometria-emisiones-gases-corrosivos","status":"publish","type":"page","link":"https:\/\/www.controltecnica.com\/test\/olfatometria-emisiones-gases-corrosivos\/","title":{"rendered":"Olfatometr\u00eda &#8211; emisiones VOC y gases corrosivos"},"content":{"rendered":"<div class=\"wpb-content-wrapper\"><p>[vc_row unlock_row_content=\u00bbyes\u00bb row_height_percent=\u00bb40&#8243; override_padding=\u00bbyes\u00bb h_padding=\u00bb3&#8243; top_padding=\u00bb3&#8243; bottom_padding=\u00bb3&#8243; back_color=\u00bbcolor-rgdb\u00bb back_image=\u00bb141629&#8243; back_position=\u00bbcenter bottom\u00bb overlay_color=\u00bbcolor-jevc\u00bb overlay_alpha=\u00bb15&#8243; gutter_size=\u00bb3&#8243; column_width_percent=\u00bb100&#8243; shift_y=\u00bb0&#8243; z_index=\u00bb0&#8243; content_parallax=\u00bb0&#8243; uncode_shortcode_id=\u00bb146256&#8243; back_color_type=\u00bbuncode-palette\u00bb overlay_color_type=\u00bbuncode-palette\u00bb][vc_column column_width_percent=\u00bb100&#8243; position_vertical=\u00bbbottom\u00bb gutter_size=\u00bb4&#8243; style=\u00bbdark\u00bb overlay_alpha=\u00bb50&#8243; shift_x=\u00bb0&#8243; shift_y=\u00bb0&#8243; shift_y_down=\u00bb0&#8243; z_index=\u00bb0&#8243; medium_width=\u00bb0&#8243; mobile_width=\u00bb0&#8243; css_animation=\u00bbalpha-anim\u00bb animation_speed=\u00bb1000&#8243; width=\u00bb1\/1&#8243; uncode_shortcode_id=\u00bb509534&#8243;][vc_row_inner row_inner_height_percent=\u00bb0&#8243; overlay_alpha=\u00bb50&#8243; equal_height=\u00bbyes\u00bb gutter_size=\u00bb4&#8243; shift_y=\u00bb0&#8243; z_index=\u00bb0&#8243; limit_content=\u00bb\u00bb uncode_shortcode_id=\u00bb111527&#8243;][vc_column_inner column_width_percent=\u00bb100&#8243; position_vertical=\u00bbbottom\u00bb gutter_size=\u00bb3&#8243; style=\u00bbdark\u00bb overlay_alpha=\u00bb50&#8243; shift_x=\u00bb0&#8243; shift_y=\u00bb0&#8243; shift_y_down=\u00bb0&#8243; z_index=\u00bb0&#8243; medium_width=\u00bb0&#8243; mobile_width=\u00bb0&#8243; width=\u00bb1\/2&#8243; uncode_shortcode_id=\u00bb704049&#8243; link_to=\u00bburl:https%3A%2F%2Fwww.controltecnica.com%2Ftest%2Fcontacto%2F|title:Contacto\u00bb][vc_custom_heading heading_semantic=\u00bbh1&#8243; text_size=\u00bbcustom\u00bb text_weight=\u00bb700&#8243; css_animation=\u00bbcurtain\u00bb animation_speed=\u00bb1000&#8243; interval_animation=\u00bb40&#8243; uncode_shortcode_id=\u00bb725924&#8243; heading_custom_size=\u00bbclamp(30px,4vw,55px)\u00bb]Olfatometr\u00eda, Emisiones VOC<br \/>\ny Gases Corrosivos[\/vc_custom_heading][vc_custom_heading heading_semantic=\u00bbh3&#8243; text_size=\u00bbh4&#8243; text_weight=\u00bb700&#8243; uncode_shortcode_id=\u00bb184289&#8243;]<mark>\u25ba<\/mark>\u00a0 \u00bfPodemos asesorarte?[\/vc_custom_heading][\/vc_column_inner][vc_column_inner column_width_percent=\u00bb100&#8243; position_vertical=\u00bbbottom\u00bb align_horizontal=\u00bbalign_right\u00bb gutter_size=\u00bb3&#8243; style=\u00bbdark\u00bb overlay_alpha=\u00bb50&#8243; shift_x=\u00bb0&#8243; shift_y=\u00bb0&#8243; shift_y_down=\u00bb0&#8243; z_index=\u00bb0&#8243; align_medium=\u00bbalign_left_tablet\u00bb medium_width=\u00bb0&#8243; align_mobile=\u00bbalign_left_mobile\u00bb mobile_width=\u00bb0&#8243; width=\u00bb1\/2&#8243; uncode_shortcode_id=\u00bb773274&#8243; link_to=\u00bburl:https%3A%2F%2Fwww.controltecnica.com%2Ftest%2Fcontacto%2F|title:Contacto\u00bb][vc_column_text uncode_shortcode_id=\u00bb155913&#8243; el_class=\u00bbtext-justify\u00bb]La gesti\u00f3n de olores y emisiones VOC de componentes org\u00e1nicos vol\u00e1tiles es una parte muy importante dentro de la fabricaci\u00f3n de productos comerciales. El control de los olores ambientales usando t\u00e9cnicas de an\u00e1lisis sensorial y molecular, junto con tests de garant\u00eda de calidad permanente, permite a los fabricantes destacar las propiedades olfativas \u00fanicas o particulares de sus productos mediante la confirmaci\u00f3n de un organismo independiente. Los compuestos org\u00e1nicos vol\u00e1tiles (VOC) tienen una gran influencia sobre la calidad del aire en el interior de los veh\u00edculos al ser liberados de una forma natural por el efecto del calor y la humedad.[\/vc_column_text][\/vc_column_inner][\/vc_row_inner][\/vc_column][\/vc_row][vc_row unlock_row_content=\u00bbyes\u00bb row_height_percent=\u00bb0&#8243; override_padding=\u00bbyes\u00bb h_padding=\u00bb3&#8243; top_padding=\u00bb2&#8243; bottom_padding=\u00bb2&#8243; back_color=\u00bbcolor-lxmt\u00bb overlay_alpha=\u00bb50&#8243; gutter_size=\u00bb4&#8243; column_width_percent=\u00bb100&#8243; shift_y=\u00bb0&#8243; z_index=\u00bb0&#8243; uncode_shortcode_id=\u00bb113293&#8243; back_color_type=\u00bbuncode-palette\u00bb][vc_column column_width_percent=\u00bb100&#8243; gutter_size=\u00bb2&#8243; overlay_alpha=\u00bb50&#8243; shift_x=\u00bb0&#8243; shift_y=\u00bb0&#8243; shift_y_down=\u00bb0&#8243; z_index=\u00bb0&#8243; medium_width=\u00bb0&#8243; mobile_width=\u00bb0&#8243; width=\u00bb1\/1&#8243;][vc_gallery el_id=\u00bbgallery-378891&#8243; medias=\u00bb5901,141869,141895&#8243; gutter_size=\u00bb3&#8243; media_items=\u00bbmedia|custom_link|original,caption\u00bb screen_lg=\u00bb1000&#8243; screen_md=\u00bb600&#8243; screen_sm=\u00bb480&#8243; single_text=\u00bbunder\u00bb single_width=\u00bb3&#8243; images_size=\u00bbone-one\u00bb single_shape=\u00bbround\u00bb radius=\u00bbstd\u00bb single_overlay_opacity=\u00bb10&#8243; single_padding=\u00bb0&#8243; single_text_reduced=\u00bbyes\u00bb single_title_dimension=\u00bbh4&#8243; single_text_lead=\u00bbyes\u00bb single_meta_custom_typo=\u00bbyes\u00bb single_meta_size=\u00bblarge\u00bb single_meta_weight=\u00bb600&#8243; uncode_shortcode_id=\u00bb533251&#8243; items=\u00bbeyIxNDE1OTdfaSI6eyJzaW5nbGVfdGV4dCI6Im92ZXJsYXkifSwiNTkwMV9pIjp7InNpbmdsZV9saW5rIjoidXJsOmh0dHBzJTNBJTJGJTJGd3d3LmNvbnRyb2x0ZWNuaWNhLmNvbSUyRnRlc3QlMkZvbGZhdG9tZXRyaWEtZW1pc2lvbmVzLXktZ2FzZXMtY29ycm9zaXZvcyUyRiJ9LCIxNDE4NjlfaSI6eyJzaW5nbGVfbGluayI6InVybDpodHRwcyUzQSUyRiUyRnd3dy5jb250cm9sdGVjbmljYS5jb20lMkZ0ZXN0JTJGZW1pc2lvbmVzLXZvYyUyRnx0aXRsZTpFbWlzaW9uZXMlMjBWT0MifSwiMTQxODk1X2kiOnsic2luZ2xlX2xpbmsiOiJ1cmw6aHR0cHMlM0ElMkYlMkZ3d3cuY29udHJvbHRlY25pY2EuY29tJTJGdGVzdCUyRnByb2R1Y3RvJTJGY2FtYXJhcy1nYXNlcy1jb3Jyb3Npdm9zLXNlcmllLXNrJTJGfHRpdGxlOkMlQzMlODMlQzIlQTFtYXJhcyUyMGdhc2VzJTIwY29ycm9zaXZvcyUyMHNlcmllJTIwU0sifX0=\u00bb][\/vc_column][\/vc_row]<\/p>\n<\/div>","protected":false},"excerpt":{"rendered":"<p>[vc_row unlock_row_content=\u00bbyes\u00bb row_height_percent=\u00bb40&#8243; override_padding=\u00bbyes\u00bb h_padding=\u00bb3&#8243; top_padding=\u00bb3&#8243; bottom_padding=\u00bb3&#8243; back_color=\u00bbcolor-rgdb\u00bb back_image=\u00bb141629&#8243; back_position=\u00bbcenter bottom\u00bb overlay_color=\u00bbcolor-jevc\u00bb overlay_alpha=\u00bb15&#8243; gutter_size=\u00bb3&#8243; column_width_percent=\u00bb100&#8243; shift_y=\u00bb0&#8243; z_index=\u00bb0&#8243; content_parallax=\u00bb0&#8243; uncode_shortcode_id=\u00bb146256&#8243; back_color_type=\u00bbuncode-palette\u00bb [&hellip;]<\/p>\n","protected":false},"author":2,"featured_media":0,"parent":0,"menu_order":0,"comment_status":"closed","ping_status":"closed","template":"","meta":{"iawp_total_views":102,"footnotes":""},"class_list":["post-7695","page","type-page","status-publish","hentry"],"_links":{"self":[{"href":"https:\/\/www.controltecnica.com\/test\/wp-json\/wp\/v2\/pages\/7695","targetHints":{"allow":["GET"]}}],"collection":[{"href":"https:\/\/www.controltecnica.com\/test\/wp-json\/wp\/v2\/pages"}],"about":[{"href":"https:\/\/www.controltecnica.com\/test\/wp-json\/wp\/v2\/types\/page"}],"author":[{"embeddable":true,"href":"https:\/\/www.controltecnica.com\/test\/wp-json\/wp\/v2\/users\/2"}],"replies":[{"embeddable":true,"href":"https:\/\/www.controltecnica.com\/test\/wp-json\/wp\/v2\/comments?post=7695"}],"version-history":[{"count":30,"href":"https:\/\/www.controltecnica.com\/test\/wp-json\/wp\/v2\/pages\/7695\/revisions"}],"predecessor-version":[{"id":142907,"href":"https:\/\/www.controltecnica.com\/test\/wp-json\/wp\/v2\/pages\/7695\/revisions\/142907"}],"wp:attachment":[{"href":"https:\/\/www.controltecnica.com\/test\/wp-json\/wp\/v2\/media?parent=7695"}],"curies":[{"name":"wp","href":"https:\/\/api.w.org\/{rel}","templated":true}]}}