{"id":9146,"date":"2025-07-10T12:09:22","date_gmt":"2025-07-10T12:09:22","guid":{"rendered":"https:\/\/www.controltecnica.com\/bio\/?post_type=product&#038;p=9146"},"modified":"2026-01-21T17:05:00","modified_gmt":"2026-01-21T17:05:00","slug":"life-real-quant-ready-k9600-q-pcr","status":"publish","type":"product","link":"https:\/\/www.controltecnica.com\/bio\/producto\/life-real-quant-ready-k9600-q-pcr\/","title":{"rendered":"Life Real Quant-ready K9600 Q-PCR"},"content":{"rendered":"<p>[vc_row][vc_column width=\u00bb1\/2&#8243;][vc_column_text text_larger=\u00bbno\u00bb]<\/p>\n<h4 data-pm-slice=\"1 3 []\">Principales especificaciones t\u00e9cnicas<\/h4>\n<div class=\"_tableContainer_80l1q_1\">\n<div class=\"_tableWrapper_80l1q_14 group flex w-fit flex-col-reverse\" tabindex=\"-1\">\n<table class=\"w-fit min-w-(--thread-content-width)\" data-start=\"234\" data-end=\"3771\">\n<thead data-start=\"234\" data-end=\"339\">\n<tr data-start=\"234\" data-end=\"339\">\n<th style=\"text-align: left;\" data-start=\"234\" data-end=\"271\" data-col-size=\"sm\">Especificaci\u00f3n<\/th>\n<th style=\"text-align: left;\" data-start=\"271\" data-end=\"339\" data-col-size=\"lg\">Detalle<\/th>\n<\/tr>\n<\/thead>\n<tbody data-start=\"446\" data-end=\"3771\">\n<tr data-start=\"446\" data-end=\"551\">\n<td data-start=\"446\" data-end=\"483\" data-col-size=\"sm\"><strong data-start=\"448\" data-end=\"458\">Modelo<\/strong><\/td>\n<td data-start=\"483\" data-end=\"551\" data-col-size=\"lg\">QuantReady K9600<\/td>\n<\/tr>\n<tr data-start=\"552\" data-end=\"657\">\n<td data-start=\"552\" data-end=\"589\" data-col-size=\"sm\"><strong data-start=\"554\" data-end=\"567\">Capacidad<\/strong><\/td>\n<td data-start=\"589\" data-end=\"657\" data-col-size=\"lg\">96 pocillos (12 \u00d7 8)<\/td>\n<\/tr>\n<tr data-start=\"658\" data-end=\"777\">\n<td data-start=\"658\" data-end=\"695\" data-col-size=\"sm\"><strong data-start=\"660\" data-end=\"687\">Consumibles compatibles<\/strong><\/td>\n<td data-start=\"695\" data-end=\"777\" data-col-size=\"lg\">Tubos PCR individuales o tiras, placas 96 \u00d7 0,2 ml half skirted \/ sin faldilla<\/td>\n<\/tr>\n<tr data-start=\"778\" data-end=\"883\">\n<td data-start=\"778\" data-end=\"815\" data-col-size=\"sm\"><strong data-start=\"780\" data-end=\"798\">Rango din\u00e1mico<\/strong><\/td>\n<td data-start=\"815\" data-end=\"883\" data-col-size=\"lg\">1 &#8211; 10\u00b9\u2070 copias<\/td>\n<\/tr>\n<tr data-start=\"884\" data-end=\"989\">\n<td data-start=\"884\" data-end=\"921\" data-col-size=\"sm\"><strong data-start=\"886\" data-end=\"909\">Ubicaci\u00f3n detecci\u00f3n<\/strong><\/td>\n<td data-start=\"921\" data-end=\"989\" data-col-size=\"lg\">Detecci\u00f3n superior<\/td>\n<\/tr>\n<tr data-start=\"990\" data-end=\"1095\">\n<td data-start=\"990\" data-end=\"1027\" data-col-size=\"sm\"><strong data-start=\"992\" data-end=\"1017\">Long. onda excitaci\u00f3n<\/strong><\/td>\n<td data-start=\"1027\" data-end=\"1095\" data-col-size=\"lg\">400-800 nm<\/td>\n<\/tr>\n<tr data-start=\"1096\" data-end=\"1201\">\n<td data-start=\"1096\" data-end=\"1133\" data-col-size=\"sm\"><strong data-start=\"1098\" data-end=\"1122\">Long. onda detecci\u00f3n<\/strong><\/td>\n<td data-start=\"1133\" data-end=\"1201\" data-col-size=\"lg\">500-800 nm<\/td>\n<\/tr>\n<tr data-start=\"1202\" data-end=\"1307\">\n<td data-start=\"1202\" data-end=\"1239\" data-col-size=\"sm\"><strong data-start=\"1204\" data-end=\"1229\">Canales fluorescencia<\/strong><\/td>\n<td data-start=\"1239\" data-end=\"1307\" data-col-size=\"lg\">6 canales<\/td>\n<\/tr>\n<tr data-start=\"1308\" data-end=\"1488\">\n<td data-start=\"1308\" data-end=\"1345\" data-col-size=\"sm\"><strong data-start=\"1310\" data-end=\"1335\">Colorantes soportados<\/strong><\/td>\n<td data-start=\"1345\" data-end=\"1488\" data-col-size=\"lg\">Canal 1: FAM\/SYBR Green I<br \/>\nCanal 2: JOE\/HEX\/TET\/VIC<br \/>\nCanal 3: NED\/TAMRA\/Cy3<br \/>\nCanal 4: ROX\/Texas Red<br \/>\nCanal 5: Cy5<br \/>\nCanal 6: Cy5.5<\/td>\n<\/tr>\n<tr data-start=\"1489\" data-end=\"1594\">\n<td data-start=\"1489\" data-end=\"1526\" data-col-size=\"sm\"><strong data-start=\"1491\" data-end=\"1512\">Fuente excitaci\u00f3n<\/strong><\/td>\n<td data-start=\"1526\" data-end=\"1594\" data-col-size=\"lg\">LED espectro completo<\/td>\n<\/tr>\n<tr data-start=\"1595\" data-end=\"1700\">\n<td data-start=\"1595\" data-end=\"1632\" data-col-size=\"sm\"><strong data-start=\"1597\" data-end=\"1609\">Detector<\/strong><\/td>\n<td data-start=\"1632\" data-end=\"1700\" data-col-size=\"lg\">Tubo fotomultiplicador (PMT)<\/td>\n<\/tr>\n<tr data-start=\"1701\" data-end=\"1805\">\n<td data-start=\"1701\" data-end=\"1738\" data-col-size=\"sm\"><strong data-start=\"1703\" data-end=\"1731\">Rango temperatura m\u00f3dulo<\/strong><\/td>\n<td data-start=\"1738\" data-end=\"1805\" data-col-size=\"lg\">4 \uff5e 105 \u2103<\/td>\n<\/tr>\n<tr data-start=\"1806\" data-end=\"1911\">\n<td data-start=\"1806\" data-end=\"1843\" data-col-size=\"sm\"><strong data-start=\"1808\" data-end=\"1840\">Precisi\u00f3n temperatura bloque<\/strong><\/td>\n<td data-start=\"1843\" data-end=\"1911\" data-col-size=\"lg\">\u2264 \u00b10,1 \u2103<\/td>\n<\/tr>\n<tr data-start=\"1912\" data-end=\"2017\">\n<td data-start=\"1912\" data-end=\"1949\" data-col-size=\"sm\"><strong data-start=\"1914\" data-end=\"1946\">Exactitud temperatura bloque<\/strong><\/td>\n<td data-start=\"1949\" data-end=\"2017\" data-col-size=\"lg\">\u2264 \u00b10,1 \u2103<\/td>\n<\/tr>\n<tr data-start=\"2018\" data-end=\"2123\">\n<td data-start=\"2018\" data-end=\"2055\" data-col-size=\"sm\"><strong data-start=\"2020\" data-end=\"2054\">Uniformidad temperatura bloque<\/strong><\/td>\n<td data-start=\"2055\" data-end=\"2123\" data-col-size=\"lg\">\u2264 \u00b10,1 \u2103<\/td>\n<\/tr>\n<tr data-start=\"2124\" data-end=\"2229\">\n<td data-start=\"2124\" data-end=\"2165\" data-col-size=\"sm\"><strong data-start=\"2126\" data-end=\"2164\">Veloc. m\u00e1x. calentamiento\/enfriado<\/strong><\/td>\n<td data-start=\"2165\" data-end=\"2229\" data-col-size=\"lg\">\u2265 6 \u2103\/s<\/td>\n<\/tr>\n<tr data-start=\"2230\" data-end=\"2335\">\n<td data-start=\"2230\" data-end=\"2267\" data-col-size=\"sm\"><strong data-start=\"2232\" data-end=\"2257\">Diferencial gradiente<\/strong><\/td>\n<td data-start=\"2267\" data-end=\"2335\" data-col-size=\"lg\">1 &#8211; 40 \u2103<\/td>\n<\/tr>\n<tr data-start=\"2336\" data-end=\"2441\">\n<td data-start=\"2336\" data-end=\"2373\" data-col-size=\"sm\"><strong data-start=\"2338\" data-end=\"2360\">Modo control temp.<\/strong><\/td>\n<td data-start=\"2373\" data-end=\"2441\" data-col-size=\"lg\">Modo bloque, modo tubo simulado<\/td>\n<\/tr>\n<tr data-start=\"2442\" data-end=\"2547\">\n<td data-start=\"2442\" data-end=\"2479\" data-col-size=\"sm\"><strong data-start=\"2444\" data-end=\"2463\">Volumen muestra<\/strong><\/td>\n<td data-start=\"2479\" data-end=\"2547\" data-col-size=\"lg\">5 &#8211; 100 \u03bcL<\/td>\n<\/tr>\n<tr data-start=\"2548\" data-end=\"2653\">\n<td data-start=\"2548\" data-end=\"2585\" data-col-size=\"sm\"><strong data-start=\"2550\" data-end=\"2576\">Rango tapa calefactada<\/strong><\/td>\n<td data-start=\"2585\" data-end=\"2653\" data-col-size=\"lg\">30 \u2103 &#8211; 110 \u2103 (por defecto 105 \u2103)<\/td>\n<\/tr>\n<tr data-start=\"2654\" data-end=\"2759\">\n<td data-start=\"2654\" data-end=\"2699\" data-col-size=\"sm\"><strong data-start=\"2656\" data-end=\"2698\">Repetibilidad intensidad fluorescencia<\/strong><\/td>\n<td data-start=\"2699\" data-end=\"2759\" data-col-size=\"lg\">\u2264 3%<\/td>\n<\/tr>\n<tr data-start=\"2760\" data-end=\"2865\">\n<td data-start=\"2760\" data-end=\"2797\" data-col-size=\"sm\"><strong data-start=\"2762\" data-end=\"2774\">Pantalla<\/strong><\/td>\n<td data-start=\"2797\" data-end=\"2865\" data-col-size=\"lg\">S\u00ed, pantalla t\u00e1ctil de 10,1 pulgadas<\/td>\n<\/tr>\n<tr data-start=\"2866\" data-end=\"2971\">\n<td data-start=\"2866\" data-end=\"2903\" data-col-size=\"sm\"><strong data-start=\"2868\" data-end=\"2884\">Modo escaneo<\/strong><\/td>\n<td data-start=\"2903\" data-end=\"2971\" data-col-size=\"lg\">Escaneo de placa completa o de l\u00edneas espec\u00edficas<\/td>\n<\/tr>\n<tr data-start=\"2972\" data-end=\"3092\">\n<td data-start=\"2972\" data-end=\"3009\" data-col-size=\"sm\"><strong data-start=\"2974\" data-end=\"2996\">Software funciones<\/strong><\/td>\n<td data-start=\"3009\" data-end=\"3092\" data-col-size=\"lg\">Cuantificaci\u00f3n absoluta y relativa, genotipado SNP, HRM, ejecuci\u00f3n r\u00e1pida, etc.<\/td>\n<\/tr>\n<tr data-start=\"3093\" data-end=\"3198\">\n<td data-start=\"3093\" data-end=\"3130\" data-col-size=\"sm\"><strong data-start=\"3095\" data-end=\"3116\">Sistema operaci\u00f3n<\/strong><\/td>\n<td data-start=\"3130\" data-end=\"3198\" data-col-size=\"lg\">Software PC, modos duales<\/td>\n<\/tr>\n<tr data-start=\"3199\" data-end=\"3304\">\n<td data-start=\"3199\" data-end=\"3236\" data-col-size=\"sm\"><strong data-start=\"3201\" data-end=\"3212\">Puertos<\/strong><\/td>\n<td data-start=\"3236\" data-end=\"3304\" data-col-size=\"lg\">2 \u00d7 USB tipo A, 1 \u00d7 USB tipo B, 1 \u00d7 RJ45<\/td>\n<\/tr>\n<tr data-start=\"3305\" data-end=\"3410\">\n<td data-start=\"3305\" data-end=\"3342\" data-col-size=\"sm\"><strong data-start=\"3307\" data-end=\"3342\">Protecci\u00f3n ante corte el\u00e9ctrico<\/strong><\/td>\n<td data-start=\"3342\" data-end=\"3410\" data-col-size=\"lg\">S\u00ed, restauraci\u00f3n de datos tras reencendido<\/td>\n<\/tr>\n<tr data-start=\"3411\" data-end=\"3559\">\n<td data-start=\"3411\" data-end=\"3448\" data-col-size=\"sm\"><strong data-start=\"3413\" data-end=\"3435\">Modo control placa<\/strong><\/td>\n<td data-start=\"3448\" data-end=\"3559\" data-col-size=\"lg\">Entrada\/salida autom\u00e1tica, detecci\u00f3n dual software, interfaz preconfigurada, conexi\u00f3n a estaci\u00f3n autom\u00e1tica<\/td>\n<\/tr>\n<tr data-start=\"3560\" data-end=\"3665\">\n<td data-start=\"3560\" data-end=\"3597\" data-col-size=\"sm\"><strong data-start=\"3562\" data-end=\"3587\">Dimensiones (An\u00d7L\u00d7Al)<\/strong><\/td>\n<td data-start=\"3597\" data-end=\"3665\" data-col-size=\"lg\">320 \u00d7 525 \u00d7 420 mm<\/td>\n<\/tr>\n<tr data-start=\"3666\" data-end=\"3771\">\n<td data-start=\"3666\" data-end=\"3703\" data-col-size=\"sm\"><strong data-start=\"3668\" data-end=\"3681\">Peso neto<\/strong><\/td>\n<td data-start=\"3703\" data-end=\"3771\" data-col-size=\"lg\">27 kg<\/td>\n<\/tr>\n<\/tbody>\n<\/table>\n<div class=\"sticky end-(--thread-content-margin) h-0 self-end select-none\">\n<div class=\"absolute end-0 flex items-end\"><\/div>\n<\/div>\n<\/div>\n<\/div>\n<p>[\/vc_column_text][\/vc_column][vc_column width=\u00bb1\/2&#8243;]\n<div class=\"wpcf7 no-js\" id=\"wpcf7-f7-o1\" lang=\"es-ES\" dir=\"ltr\" data-wpcf7-id=\"7\">\n<div class=\"screen-reader-response\"><p role=\"status\" aria-live=\"polite\" aria-atomic=\"true\"><\/p> <ul><\/ul><\/div>\n<form action=\"\/bio\/wp-json\/wp\/v2\/product\/9146#wpcf7-f7-o1\" method=\"post\" class=\"wpcf7-form init\" aria-label=\"Formulario de contacto\" novalidate=\"novalidate\" data-status=\"init\">\n<fieldset class=\"hidden-fields-container\"><input type=\"hidden\" name=\"_wpcf7\" value=\"7\" \/><input type=\"hidden\" name=\"_wpcf7_version\" value=\"6.1.5\" \/><input type=\"hidden\" name=\"_wpcf7_locale\" value=\"es_ES\" \/><input type=\"hidden\" name=\"_wpcf7_unit_tag\" value=\"wpcf7-f7-o1\" \/><input type=\"hidden\" name=\"_wpcf7_container_post\" value=\"0\" \/><input type=\"hidden\" name=\"_wpcf7_posted_data_hash\" value=\"\" \/><input type=\"hidden\" name=\"_wpcf7_recaptcha_response\" value=\"\" \/>\n<\/fieldset>\n<div style=\"color:#e30614;font-weight:600;font-size:30px;margin-bottom:10px;\">\n\t<p>\u00bfPodemos ayudarte?\n\t<\/p>\n<\/div>\n<div class=\"row\">\n\t<div class=\"col-md-6\" style='margin-bottom:20px;'>\n\t\t<p><label>Nombre y Apellidos*<\/label><span class=\"wpcf7-form-control-wrap\" data-name=\"your-name\"><input size=\"40\" maxlength=\"400\" class=\"wpcf7-form-control wpcf7-text wpcf7-validates-as-required\" aria-required=\"true\" aria-invalid=\"false\" value=\"\" type=\"text\" name=\"your-name\" \/><\/span>\n\t\t<\/p>\n\t<\/div>\n\t<div class=\"col-md-6\" style='margin-bottom:20px;'>\n\t\t<p><label>Empresa\/Univ\/Hosp*<\/label><span class=\"wpcf7-form-control-wrap\" data-name=\"your-job\"><input size=\"40\" maxlength=\"400\" class=\"wpcf7-form-control wpcf7-text wpcf7-validates-as-required\" aria-required=\"true\" aria-invalid=\"false\" value=\"\" type=\"text\" name=\"your-job\" \/><\/span>\n\t\t<\/p>\n\t<\/div>\n<\/div>\n<div class=\"row\">\n\t<div class=\"col-md-6\" style='margin-bottom:20px;'>\n\t\t<p><label>Email*<\/label><span class=\"wpcf7-form-control-wrap\" data-name=\"your-email\"><input size=\"40\" maxlength=\"400\" class=\"wpcf7-form-control wpcf7-email wpcf7-validates-as-required wpcf7-text wpcf7-validates-as-email\" aria-required=\"true\" aria-invalid=\"false\" value=\"\" type=\"email\" name=\"your-email\" \/><\/span>\n\t\t<\/p>\n\t<\/div>\n\t<div class=\"col-md-6\" style='margin-bottom:20px;'>\n\t\t<p><label>Tel\u00e9fono*<\/label><span class=\"wpcf7-form-control-wrap\" data-name=\"your-number\"><input size=\"40\" maxlength=\"400\" class=\"wpcf7-form-control wpcf7-text wpcf7-validates-as-required\" aria-required=\"true\" aria-invalid=\"false\" value=\"\" type=\"text\" name=\"your-number\" \/><\/span>\n\t\t<\/p>\n\t<\/div>\n<\/div>\n<p><label>\u00bfEn qu\u00e9 est\u00e1s interesado?<\/label><span class=\"wpcf7-form-control-wrap\" data-name=\"your-message\"><textarea cols=\"40\" rows=\"10\" maxlength=\"2000\" class=\"wpcf7-form-control wpcf7-textarea\" aria-invalid=\"false\" name=\"your-message\"><\/textarea><\/span>\n<\/p>\n<p><span class=\"wpcf7-form-control-wrap\" data-name=\"acceptance-412\"><span class=\"wpcf7-form-control wpcf7-acceptance\"><span class=\"wpcf7-list-item\"><label><input type=\"checkbox\" name=\"acceptance-412\" value=\"1\" aria-invalid=\"false\" \/><span class=\"wpcf7-list-item-label\">He le\u00eddo y acepto la <a href=\"https:\/\/www.controltecnica.com\/bio\/privacidad\" target=\"_blank\">pol\u00edtica de privacidad<\/a><\/span><\/label><\/span><\/span><\/span><br \/>\n<span class=\"wpcf7-form-control-wrap\" data-name=\"acceptance-581\"><span class=\"wpcf7-form-control wpcf7-acceptance optional\"><span class=\"wpcf7-list-item\"><label><input type=\"checkbox\" name=\"acceptance-581\" value=\"1\" aria-invalid=\"false\" \/><span class=\"wpcf7-list-item-label\">Acepto recibir informaci\u00f3n comercial de CONTROLTECNICA<\/span><\/label><\/span><\/span><\/span>\n<\/p>\n<p><input class=\"wpcf7-form-control wpcf7-submit has-spinner btn-size-large btn btn-color-primary\" type=\"submit\" value=\"ENVIAR MENSAJE\" \/>\n<\/p><div class=\"wpcf7-response-output\" aria-hidden=\"true\"><\/div>\n<\/form>\n<\/div>\n[\/vc_column][\/vc_row]<\/p>\n","protected":false},"excerpt":{"rendered":"<p data-start=\"318\" data-end=\"547\">Equipos avanzados para PCR y qPCR, dise\u00f1ados para laboratorios que buscan precisi\u00f3n, fiabilidad y facilidad de uso en amplificaci\u00f3n y cuantificaci\u00f3n de \u00e1cidos nucleicos. Tecnolog\u00eda punta, software intuitivo y rendimiento estable.<\/p>\n<p data-start=\"579\" data-end=\"962\">Los termocicladores LifeReal <strong data-start=\"608\" data-end=\"635\">Quant-ready K9600 Q-PCR<\/strong> y <strong data-start=\"638\" data-end=\"662\">Cycle-ready CR96 PCR<\/strong> son la soluci\u00f3n perfecta para tu laboratorio de biolog\u00eda molecular, diagn\u00f3stico o investigaci\u00f3n.<\/p>\n<p data-start=\"579\" data-end=\"962\"><br data-start=\"759\" data-end=\"762\" \/>Con un dise\u00f1o robusto y tecnolog\u00eda de control t\u00e9rmico preciso, permiten una amplificaci\u00f3n y cuantificaci\u00f3n exacta y reproducible de \u00e1cidos nucleicos, asegurando resultados fiables en cada experimento.<\/p>\n<h3 data-start=\"964\" data-end=\"995\">Quant-ready K9600 Q-PCR<\/h3>\n<ul data-start=\"996\" data-end=\"1539\">\n<li data-start=\"996\" data-end=\"1095\">\n<p data-start=\"998\" data-end=\"1095\">Sistema de PCR en tiempo real con detecci\u00f3n fluorescente mediante 6 canales LED de alta potencia.<\/p>\n<\/li>\n<li data-start=\"1096\" data-end=\"1244\">\n<p data-start=\"1098\" data-end=\"1244\">Control dual: pantalla t\u00e1ctil integrada de 10,1\u201d o desde PC, con software amigable que permite dise\u00f1ar experimentos, monitorizar y analizar datos.<\/p>\n<\/li>\n<li data-start=\"1245\" data-end=\"1345\">\n<p data-start=\"1247\" data-end=\"1345\">Precisi\u00f3n t\u00e9rmica excepcional: \u00b10,1\u00b0C, con rampas r\u00e1pidas &gt;6\u00b0C\/s, ideal para protocolos Fast qPCR.<\/p>\n<\/li>\n<li data-start=\"1346\" data-end=\"1436\">\n<p data-start=\"1348\" data-end=\"1436\">Capacidad de multiplexing hasta 6 objetivos y detecci\u00f3n hasta 5 fluor\u00f3foros por pocillo.<\/p>\n<\/li>\n<li data-start=\"1437\" data-end=\"1539\">\n<p data-start=\"1439\" data-end=\"1539\">Carga\/expulsi\u00f3n autom\u00e1tica de placas de 96 pocillos o tiras\/tubos, adapt\u00e1ndose a m\u00faltiples formatos.<\/p>\n<\/li>\n<\/ul>\n<p>Tanto el Quant Ready K9600 como el Cycle Ready CR96 est\u00e1n dise\u00f1ados para trabajar en entornos exigentes, con tapa calefactada inteligente que protege tus muestras, evitando condensaciones. Un aliado fiable para proyectos de genotipado, cuantificaci\u00f3n absoluta o relativa, melting curves, SNPs y mucho m\u00e1s.<\/p>\n","protected":false},"featured_media":9152,"template":"","meta":{"iawp_total_views":47},"product_brand":[],"product_cat":[244],"product_tag":[264,266,265],"class_list":{"0":"post-9146","1":"product","2":"type-product","3":"status-publish","4":"has-post-thumbnail","6":"product_cat-termocicladores","7":"product_tag-lifereal","8":"product_tag-quant-ready-k9600","9":"product_tag-termocicladores","11":"first","12":"instock","13":"shipping-taxable","14":"product-type-simple"},"_links":{"self":[{"href":"https:\/\/www.controltecnica.com\/bio\/wp-json\/wp\/v2\/product\/9146","targetHints":{"allow":["GET"]}}],"collection":[{"href":"https:\/\/www.controltecnica.com\/bio\/wp-json\/wp\/v2\/product"}],"about":[{"href":"https:\/\/www.controltecnica.com\/bio\/wp-json\/wp\/v2\/types\/product"}],"wp:featuredmedia":[{"embeddable":true,"href":"https:\/\/www.controltecnica.com\/bio\/wp-json\/wp\/v2\/media\/9152"}],"wp:attachment":[{"href":"https:\/\/www.controltecnica.com\/bio\/wp-json\/wp\/v2\/media?parent=9146"}],"wp:term":[{"taxonomy":"product_brand","embeddable":true,"href":"https:\/\/www.controltecnica.com\/bio\/wp-json\/wp\/v2\/product_brand?post=9146"},{"taxonomy":"product_cat","embeddable":true,"href":"https:\/\/www.controltecnica.com\/bio\/wp-json\/wp\/v2\/product_cat?post=9146"},{"taxonomy":"product_tag","embeddable":true,"href":"https:\/\/www.controltecnica.com\/bio\/wp-json\/wp\/v2\/product_tag?post=9146"}],"curies":[{"name":"wp","href":"https:\/\/api.w.org\/{rel}","templated":true}]}}