{"id":8366,"date":"2021-12-16T09:28:31","date_gmt":"2021-12-16T09:28:31","guid":{"rendered":"https:\/\/www.controltecnica.com\/bio\/?post_type=product&#038;p=8366"},"modified":"2022-01-13T11:53:31","modified_gmt":"2022-01-13T11:53:31","slug":"incubador-de-co2-heracell-150i-240i","status":"publish","type":"product","link":"https:\/\/www.controltecnica.com\/bio\/producto\/incubador-de-co2-heracell-150i-240i\/","title":{"rendered":"Incubador de CO2 Heracell 150i \/ 240i"},"content":{"rendered":"<p>[vc_row][vc_column width=\u00bb1\/2&#8243;][vc_column_text text_larger=\u00bbno\u00bb]<\/p>\n<table id=\"tablepress-58\" class=\"tablepress tablepress-id-58\">\n<thead>\n<tr class=\"row-1 odd\">\n<th class=\"column-1\">Modelo<\/th>\n<th class=\"column-2\"><center>Heracell 150i<\/center><\/th>\n<th class=\"column-3\"><center>Heracell 240i<\/center><\/th>\n<\/tr>\n<\/thead>\n<tbody class=\"row-hover\">\n<tr class=\"row-2 even\">\n<td class=\"column-1\">Rango de CO2 (%)<\/td>\n<td class=\"column-2\" colspan=\"2\"><center>0 &#8211; 20<\/center><\/td>\n<\/tr>\n<tr class=\"row-3 odd\">\n<td class=\"column-1\">Rango de Temperatura (\u00baC)<\/td>\n<td class=\"column-2\" colspan=\"2\"><center>Ambiente +3 \u2026 55<\/center><\/td>\n<\/tr>\n<tr class=\"row-4 even\">\n<td class=\"column-1\">Fluctuaci\u00f3n de temperatura (tiempo) (\u00baC)<\/td>\n<td class=\"column-2\" colspan=\"2\"><center>a 37\u00baC: \u00b1 0,1<\/center><\/td>\n<\/tr>\n<tr class=\"row-5 odd\">\n<td class=\"column-1\">Variaci\u00f3n de la temperatura (espacial) (\u00baC)<\/td>\n<td class=\"column-2\" colspan=\"2\"><center>\u00b1 0,5<\/center><\/td>\n<\/tr>\n<tr class=\"row-6 even\">\n<td class=\"column-1\">Humedad (%)<\/td>\n<td class=\"column-2\" colspan=\"2\"><center>95 \u00b1 3<\/center><\/td>\n<\/tr>\n<tr class=\"row-7 odd\">\n<td class=\"column-1\">Control de CO2<\/td>\n<td class=\"column-2\" colspan=\"2\"><center>\u00b1 0,1<\/center><\/td>\n<\/tr>\n<tr class=\"row-8 even\">\n<td class=\"column-1\">Capacidad (L)<\/td>\n<td class=\"column-2\"><center>150<\/center><\/td>\n<td class=\"column-3\"><center>240<\/center><\/td>\n<\/tr>\n<tr class=\"row-9 odd\">\n<td class=\"column-1\">Tipo de convecci\u00f3n<\/td>\n<td class=\"column-2\" colspan=\"2\"><center>Calentamiento por camisa de aire<\/center><\/td>\n<\/tr>\n<tr class=\"row-10 even\">\n<td class=\"column-1\">Medidas externas (an x pr x al) (mm)<\/td>\n<td class=\"column-2\"><center>637 x 782 x 867&gt;\/center&gt;<\/center><\/td>\n<td class=\"column-3\"><center>780 x 834 x 934<\/center><\/td>\n<\/tr>\n<tr class=\"row-11 odd\">\n<td class=\"column-1\">Consumo nominal de potencia (W)<\/td>\n<td class=\"column-2\"><center>580<\/center><\/td>\n<td class=\"column-3\"><center>640<\/center><\/td>\n<\/tr>\n<tr class=\"row-12 even\">\n<td class=\"column-1\">Estantes de serie (m\u00e1x.)<\/td>\n<td class=\"column-2\"><center>3 (10)<\/center><\/td>\n<td class=\"column-3\"><center>3 (12)<\/center><\/td>\n<\/tr>\n<tr class=\"row-13 odd\">\n<td class=\"column-1\">Medidas internas (an x pr x al) (mm)<\/td>\n<td class=\"column-2\"><center>470 x 530 x 607<\/center><\/td>\n<td class=\"column-3\"><center>607 x 583 x 670<\/center><\/td>\n<\/tr>\n<tr class=\"row-14 even\">\n<td class=\"column-1\">Peso (Kg)<\/td>\n<td class=\"column-2\"><center>70<\/center><\/td>\n<td class=\"column-3\"><center>81<\/center><\/td>\n<\/tr>\n<\/tbody>\n<\/table>\n<p>[\/vc_column_text][\/vc_column][vc_column width=\u00bb1\/2&#8243;]\n<div class=\"wpcf7 no-js\" id=\"wpcf7-f7-o1\" lang=\"es-ES\" dir=\"ltr\" data-wpcf7-id=\"7\">\n<div class=\"screen-reader-response\"><p role=\"status\" aria-live=\"polite\" aria-atomic=\"true\"><\/p> <ul><\/ul><\/div>\n<form action=\"\/bio\/wp-json\/wp\/v2\/product\/8366#wpcf7-f7-o1\" method=\"post\" class=\"wpcf7-form init\" aria-label=\"Formulario de contacto\" novalidate=\"novalidate\" data-status=\"init\">\n<fieldset class=\"hidden-fields-container\"><input type=\"hidden\" name=\"_wpcf7\" value=\"7\" \/><input type=\"hidden\" name=\"_wpcf7_version\" value=\"6.1.5\" \/><input type=\"hidden\" name=\"_wpcf7_locale\" value=\"es_ES\" \/><input type=\"hidden\" name=\"_wpcf7_unit_tag\" value=\"wpcf7-f7-o1\" \/><input type=\"hidden\" name=\"_wpcf7_container_post\" value=\"0\" \/><input type=\"hidden\" name=\"_wpcf7_posted_data_hash\" value=\"\" \/><input type=\"hidden\" name=\"_wpcf7_recaptcha_response\" value=\"\" \/>\n<\/fieldset>\n<div style=\"color:#e30614;font-weight:600;font-size:30px;margin-bottom:10px;\">\n\t<p>\u00bfPodemos ayudarte?\n\t<\/p>\n<\/div>\n<div class=\"row\">\n\t<div class=\"col-md-6\" style='margin-bottom:20px;'>\n\t\t<p><label>Nombre y Apellidos*<\/label><span class=\"wpcf7-form-control-wrap\" data-name=\"your-name\"><input size=\"40\" maxlength=\"400\" class=\"wpcf7-form-control wpcf7-text wpcf7-validates-as-required\" aria-required=\"true\" aria-invalid=\"false\" value=\"\" type=\"text\" name=\"your-name\" \/><\/span>\n\t\t<\/p>\n\t<\/div>\n\t<div class=\"col-md-6\" style='margin-bottom:20px;'>\n\t\t<p><label>Empresa\/Univ\/Hosp*<\/label><span class=\"wpcf7-form-control-wrap\" data-name=\"your-job\"><input size=\"40\" maxlength=\"400\" class=\"wpcf7-form-control wpcf7-text wpcf7-validates-as-required\" aria-required=\"true\" aria-invalid=\"false\" value=\"\" type=\"text\" name=\"your-job\" \/><\/span>\n\t\t<\/p>\n\t<\/div>\n<\/div>\n<div class=\"row\">\n\t<div class=\"col-md-6\" style='margin-bottom:20px;'>\n\t\t<p><label>Email*<\/label><span class=\"wpcf7-form-control-wrap\" data-name=\"your-email\"><input size=\"40\" maxlength=\"400\" class=\"wpcf7-form-control wpcf7-email wpcf7-validates-as-required wpcf7-text wpcf7-validates-as-email\" aria-required=\"true\" aria-invalid=\"false\" value=\"\" type=\"email\" name=\"your-email\" \/><\/span>\n\t\t<\/p>\n\t<\/div>\n\t<div class=\"col-md-6\" style='margin-bottom:20px;'>\n\t\t<p><label>Tel\u00e9fono*<\/label><span class=\"wpcf7-form-control-wrap\" data-name=\"your-number\"><input size=\"40\" maxlength=\"400\" class=\"wpcf7-form-control wpcf7-text wpcf7-validates-as-required\" aria-required=\"true\" aria-invalid=\"false\" value=\"\" type=\"text\" name=\"your-number\" \/><\/span>\n\t\t<\/p>\n\t<\/div>\n<\/div>\n<p><label>\u00bfEn qu\u00e9 est\u00e1s interesado?<\/label><span class=\"wpcf7-form-control-wrap\" data-name=\"your-message\"><textarea cols=\"40\" rows=\"10\" maxlength=\"2000\" class=\"wpcf7-form-control wpcf7-textarea\" aria-invalid=\"false\" name=\"your-message\"><\/textarea><\/span>\n<\/p>\n<p><span class=\"wpcf7-form-control-wrap\" data-name=\"acceptance-412\"><span class=\"wpcf7-form-control wpcf7-acceptance\"><span class=\"wpcf7-list-item\"><label><input type=\"checkbox\" name=\"acceptance-412\" value=\"1\" aria-invalid=\"false\" \/><span class=\"wpcf7-list-item-label\">He le\u00eddo y acepto la <a href=\"https:\/\/www.controltecnica.com\/bio\/privacidad\" target=\"_blank\">pol\u00edtica de privacidad<\/a><\/span><\/label><\/span><\/span><\/span><br \/>\n<span class=\"wpcf7-form-control-wrap\" data-name=\"acceptance-581\"><span class=\"wpcf7-form-control wpcf7-acceptance optional\"><span class=\"wpcf7-list-item\"><label><input type=\"checkbox\" name=\"acceptance-581\" value=\"1\" aria-invalid=\"false\" \/><span class=\"wpcf7-list-item-label\">Acepto recibir informaci\u00f3n comercial de CONTROLTECNICA<\/span><\/label><\/span><\/span><\/span>\n<\/p>\n<p><input class=\"wpcf7-form-control wpcf7-submit has-spinner btn-size-large btn btn-color-primary\" type=\"submit\" value=\"ENVIAR MENSAJE\" \/>\n<\/p><div class=\"wpcf7-response-output\" aria-hidden=\"true\"><\/div>\n<\/form>\n<\/div>\n[\/vc_column][\/vc_row]<\/p>\n","protected":false},"excerpt":{"rendered":"<div class=\"content\">\n<div class=\"container\">\n<div class=\"row\">\n<div id=\"primary\" class=\"col\">\n<article id=\"post-1801\" class=\"post-1801 page type-page status-publish hentry\">\n<div class=\"post-content\">\n<div class=\"vc_row wpb_row vc_row-fluid\">\n<div class=\"wpb_column vc_column_container vc_col-sm-12\">\n<div class=\"vc_column-inner \">\n<div class=\"wpb_wrapper\">\n<div class=\"vc_tta-container\" data-vc-action=\"collapse\">\n<div class=\"vc_general vc_tta vc_tta-tabs vc_tta-color-grey vc_tta-style-classic vc_tta-shape-rounded vc_tta-spacing-1 vc_tta-tabs-position-top vc_tta-controls-align-left\">\n<div class=\"vc_tta-panels-container\">\n<div class=\"vc_tta-panels\">\n<div id=\"1457967370421-bc335583-6410d0bf-a5313395-2b5dcf02-3b47\" class=\"vc_tta-panel vc_active\" data-vc-content=\".vc_tta-panel-body\">\n<div class=\"vc_tta-panel-body\">\n<div class=\"wpb_text_column wpb_content_element vc_custom_1588935862896\">\n<div class=\"wpb_wrapper\">\n<p><strong>INCUBADOR DE CO2 HERACELL 150i y 240i<\/strong><\/p>\n<p>El incubador perfecto para sus cultivos. Las\u00a0<strong>condiciones de cultivo uniformes<\/strong>\u00a0en todo el espacio se logran mediante un sistema moderno de calefacci\u00f3n directa por camisa de aire, que permite alcanzar la simulaci\u00f3n exacta de las condiciones fisiol\u00f3gicas.<\/p>\n<ul>\n<li>Distribuci\u00f3n homog\u00e9nea de la temperatura en todas las paredes del recinto \u00fatil, evitando as\u00ed las posibles condensaciones.<\/li>\n<li>Poder disponer de una r\u00e1pida puesta en servicio del incubador ( por ejemplo, en una reubicacion del equipo o tras un corte de luz ).<\/li>\n<li>Puerta exterior calefactada. Esto tambi\u00e9n permite visualizar el interior a trav\u00e9s del cristal pues \u00e9ste no se empa\u00f1a.<\/li>\n<\/ul>\n<p>La distribuci\u00f3n r\u00e1pida y muy eficaz de la temperatura, CO2 y humedad se consigue mediante un ventilador de acero inoxidable situado en la parte superior del incubador, garantizando esa uniformidad para todas las muestras independientemente de su ubicaci\u00f3n dentro de la incubadora.<\/p>\n<p><strong>Caracter\u00edsticas Principales:<\/strong><\/p>\n<ul>\n<li>Sistema de descontaminaci\u00f3n autom\u00e1tica<strong>\u00a0ContraCON\u00a0<\/strong><\/li>\n<li>Sistema de<strong>\u00a0protecci\u00f3n contra la desecaci\u00f3n\u00a0<\/strong>de las muestras<\/li>\n<li><strong>Protecci\u00f3n m\u00e1xima contra la\u00a0<\/strong><b>contaminaci\u00f3n<\/b><\/li>\n<li><strong>Pantalla digital t\u00e1ctil.\u00a0<\/strong>Control y visualizaci\u00f3n de los par\u00e1metros de cultivo de una forma f\u00e1cil, r\u00e1pida y completa<\/li>\n<li>Nueva tecnolog\u00eda<strong>\u00a0MULTIPROCESADOR<\/strong>\u00a0controlando fiablemente todos los par\u00e1metros, detectando cualquier anomal\u00eda y dando mensajes textuales de errores (sistema de diagnosis).<\/li>\n<li><strong>Sensores para mediciones de gases CO2 y O2:\u00a0<\/strong>alta precisi\u00f3n y m\u00e1xima durabilidad.\u00a0Control fiable y autom\u00e1tico del nivel de CO2<\/li>\n<li><strong>Valor del pH estable\u00a0<\/strong>en sus muestras gracias al exacto control de CO2.<\/li>\n<li><strong>Conexion\/Interface RS 232.\u00a0<\/strong>Opcional USB.<\/li>\n<li><strong>Equipado con salida RS232 para conexi\u00f3n a PC o para salida analogica 4-20 mA<\/strong><\/li>\n<li><strong>Pasamuros:\u00a0<\/strong>El incubador de CO2 Heracell incluye de serie un pasamuros de \u042442 mm para introducir futuras sondas o cables (sistemas Wireless de monitorizaci\u00f3n)<\/li>\n<\/ul>\n<\/div>\n<\/div>\n<\/div>\n<\/div>\n<div id=\"1457967370462-ee806c26-c388d0bf-a5313395-2b5dcf02-3b47\" class=\"vc_tta-panel\" data-vc-content=\".vc_tta-panel-body\"><\/div>\n<div id=\"1457967504171-4782fc4d-8df9d0bf-a5313395-2b5dcf02-3b47\" class=\"vc_tta-panel\" data-vc-content=\".vc_tta-panel-body\"><\/div>\n<div id=\"1457967547080-ba0345bf-e53ed0bf-a5313395-2b5dcf02-3b47\" class=\"vc_tta-panel\" data-vc-content=\".vc_tta-panel-body\"><\/div>\n<\/div>\n<\/div>\n<\/div>\n<\/div>\n<\/div>\n<\/div>\n<\/div>\n<\/div>\n<\/div>\n<\/article>\n<\/div>\n<\/div>\n<\/div>\n<\/div>\n<footer class=\"footer\" role=\"contentinfo\">\n<div class=\"container\">\n<div class=\"footer-widgets\">\n<div class=\"row\"><\/div>\n<\/div>\n<div class=\"row\">\n<div class=\"col custom-footer\"><\/div>\n<\/div>\n<\/div>\n<\/footer>\n","protected":false},"featured_media":8370,"template":"","meta":{"iawp_total_views":97},"product_brand":[],"product_cat":[29],"product_tag":[],"class_list":{"0":"post-8366","1":"product","2":"type-product","3":"status-publish","4":"has-post-thumbnail","6":"product_cat-incubadores-de-co2-o2","8":"first","9":"instock","10":"shipping-taxable","11":"product-type-simple"},"_links":{"self":[{"href":"https:\/\/www.controltecnica.com\/bio\/wp-json\/wp\/v2\/product\/8366","targetHints":{"allow":["GET"]}}],"collection":[{"href":"https:\/\/www.controltecnica.com\/bio\/wp-json\/wp\/v2\/product"}],"about":[{"href":"https:\/\/www.controltecnica.com\/bio\/wp-json\/wp\/v2\/types\/product"}],"wp:featuredmedia":[{"embeddable":true,"href":"https:\/\/www.controltecnica.com\/bio\/wp-json\/wp\/v2\/media\/8370"}],"wp:attachment":[{"href":"https:\/\/www.controltecnica.com\/bio\/wp-json\/wp\/v2\/media?parent=8366"}],"wp:term":[{"taxonomy":"product_brand","embeddable":true,"href":"https:\/\/www.controltecnica.com\/bio\/wp-json\/wp\/v2\/product_brand?post=8366"},{"taxonomy":"product_cat","embeddable":true,"href":"https:\/\/www.controltecnica.com\/bio\/wp-json\/wp\/v2\/product_cat?post=8366"},{"taxonomy":"product_tag","embeddable":true,"href":"https:\/\/www.controltecnica.com\/bio\/wp-json\/wp\/v2\/product_tag?post=8366"}],"curies":[{"name":"wp","href":"https:\/\/api.w.org\/{rel}","templated":true}]}}