{"id":7859,"date":"2021-12-02T10:01:19","date_gmt":"2021-12-02T10:01:19","guid":{"rendered":"https:\/\/www.controltecnica.com\/bio\/?post_type=product&#038;p=7859"},"modified":"2022-09-15T11:42:35","modified_gmt":"2022-09-15T11:42:35","slug":"centrifugas-gyrozen-1696r","status":"publish","type":"product","link":"https:\/\/www.controltecnica.com\/bio\/producto\/centrifugas-gyrozen-1696r\/","title":{"rendered":"Centrifugas Gyrozen 1696R"},"content":{"rendered":"<p>[vc_row][vc_column width=\u00bb1\/2&#8243;][vc_column_text text_larger=\u00bbno\u00bb]<\/p>\n<table class=\"table-condensed table-striped\">\n<thead>\n<tr class=\"row-1 odd\">\n<th class=\"column-1\">Modelo<\/th>\n<th class=\"column-2\">1696R<\/th>\n<\/tr>\n<\/thead>\n<tbody class=\"row-hover\">\n<tr class=\"row-2 even\">\n<td class=\"column-1\">Velocidad m\u00e1xima<\/td>\n<td class=\"column-2\">16,000 rpm<\/td>\n<\/tr>\n<tr class=\"row-3 odd\">\n<td class=\"column-1\">RCF m\u00e1ximo<\/td>\n<td class=\"column-2\">27,590 Xg (Rotor \u00e1ngulo fijo)<\/td>\n<\/tr>\n<tr class=\"row-4 even\">\n<td class=\"column-1\">Capacidad M\u00e1xima<\/td>\n<td class=\"column-2\">250ml x 6 botellas (\u00e1ngulo fijo)<\/td>\n<\/tr>\n<tr class=\"row-5 odd\">\n<td class=\"column-1\">Rango de control de Temperatura<\/td>\n<td class=\"column-2\">De -11 a +40 \u00b0C<\/td>\n<\/tr>\n<tr class=\"row-6 even\">\n<td class=\"column-1\">ACC\/DEC<\/td>\n<td class=\"column-2\">9\/10 pasos<\/td>\n<\/tr>\n<tr class=\"row-7 odd\">\n<td class=\"column-1\">Memoria programable<\/td>\n<td class=\"column-2\">100 programas<\/td>\n<\/tr>\n<tr class=\"row-8 even\">\n<td class=\"column-1\">Display<\/td>\n<td class=\"column-2\">FND Blanco<\/td>\n<\/tr>\n<tr class=\"row-9 odd\">\n<td class=\"column-1\">Nivel de ruido<\/td>\n<td class=\"column-2\">&lt;60dB(A)<\/td>\n<\/tr>\n<tr class=\"row-10 even\">\n<td class=\"column-1\">Dimensiones (WxDxH)<\/td>\n<td class=\"column-2\">775 x 695 x 395 mm<\/td>\n<\/tr>\n<tr class=\"row-11 odd\">\n<td class=\"column-1\">Weight<\/td>\n<td class=\"column-2\">116 kg<\/td>\n<\/tr>\n<\/tbody>\n<\/table>\n<p>[\/vc_column_text][\/vc_column][vc_column width=\u00bb1\/2&#8243;]\n<div class=\"wpcf7 no-js\" id=\"wpcf7-f7-o1\" lang=\"es-ES\" dir=\"ltr\" data-wpcf7-id=\"7\">\n<div class=\"screen-reader-response\"><p role=\"status\" aria-live=\"polite\" aria-atomic=\"true\"><\/p> <ul><\/ul><\/div>\n<form action=\"\/bio\/wp-json\/wp\/v2\/product\/7859#wpcf7-f7-o1\" method=\"post\" class=\"wpcf7-form init\" aria-label=\"Formulario de contacto\" novalidate=\"novalidate\" data-status=\"init\">\n<fieldset class=\"hidden-fields-container\"><input type=\"hidden\" name=\"_wpcf7\" value=\"7\" \/><input type=\"hidden\" name=\"_wpcf7_version\" value=\"6.1.5\" \/><input type=\"hidden\" name=\"_wpcf7_locale\" value=\"es_ES\" \/><input type=\"hidden\" name=\"_wpcf7_unit_tag\" value=\"wpcf7-f7-o1\" \/><input type=\"hidden\" name=\"_wpcf7_container_post\" value=\"0\" \/><input type=\"hidden\" name=\"_wpcf7_posted_data_hash\" value=\"\" \/><input type=\"hidden\" name=\"_wpcf7_recaptcha_response\" value=\"\" \/>\n<\/fieldset>\n<div style=\"color:#e30614;font-weight:600;font-size:30px;margin-bottom:10px;\">\n\t<p>\u00bfPodemos ayudarte?\n\t<\/p>\n<\/div>\n<div class=\"row\">\n\t<div class=\"col-md-6\" style='margin-bottom:20px;'>\n\t\t<p><label>Nombre y Apellidos*<\/label><span class=\"wpcf7-form-control-wrap\" data-name=\"your-name\"><input size=\"40\" maxlength=\"400\" class=\"wpcf7-form-control wpcf7-text wpcf7-validates-as-required\" aria-required=\"true\" aria-invalid=\"false\" value=\"\" type=\"text\" name=\"your-name\" \/><\/span>\n\t\t<\/p>\n\t<\/div>\n\t<div class=\"col-md-6\" style='margin-bottom:20px;'>\n\t\t<p><label>Empresa\/Univ\/Hosp*<\/label><span class=\"wpcf7-form-control-wrap\" data-name=\"your-job\"><input size=\"40\" maxlength=\"400\" class=\"wpcf7-form-control wpcf7-text wpcf7-validates-as-required\" aria-required=\"true\" aria-invalid=\"false\" value=\"\" type=\"text\" name=\"your-job\" \/><\/span>\n\t\t<\/p>\n\t<\/div>\n<\/div>\n<div class=\"row\">\n\t<div class=\"col-md-6\" style='margin-bottom:20px;'>\n\t\t<p><label>Email*<\/label><span class=\"wpcf7-form-control-wrap\" data-name=\"your-email\"><input size=\"40\" maxlength=\"400\" class=\"wpcf7-form-control wpcf7-email wpcf7-validates-as-required wpcf7-text wpcf7-validates-as-email\" aria-required=\"true\" aria-invalid=\"false\" value=\"\" type=\"email\" name=\"your-email\" \/><\/span>\n\t\t<\/p>\n\t<\/div>\n\t<div class=\"col-md-6\" style='margin-bottom:20px;'>\n\t\t<p><label>Tel\u00e9fono*<\/label><span class=\"wpcf7-form-control-wrap\" data-name=\"your-number\"><input size=\"40\" maxlength=\"400\" class=\"wpcf7-form-control wpcf7-text wpcf7-validates-as-required\" aria-required=\"true\" aria-invalid=\"false\" value=\"\" type=\"text\" name=\"your-number\" \/><\/span>\n\t\t<\/p>\n\t<\/div>\n<\/div>\n<p><label>\u00bfEn qu\u00e9 est\u00e1s interesado?<\/label><span class=\"wpcf7-form-control-wrap\" data-name=\"your-message\"><textarea cols=\"40\" rows=\"10\" maxlength=\"2000\" class=\"wpcf7-form-control wpcf7-textarea\" aria-invalid=\"false\" name=\"your-message\"><\/textarea><\/span>\n<\/p>\n<p><span class=\"wpcf7-form-control-wrap\" data-name=\"acceptance-412\"><span class=\"wpcf7-form-control wpcf7-acceptance\"><span class=\"wpcf7-list-item\"><label><input type=\"checkbox\" name=\"acceptance-412\" value=\"1\" aria-invalid=\"false\" \/><span class=\"wpcf7-list-item-label\">He le\u00eddo y acepto la <a href=\"https:\/\/www.controltecnica.com\/bio\/privacidad\" target=\"_blank\">pol\u00edtica de privacidad<\/a><\/span><\/label><\/span><\/span><\/span><br \/>\n<span class=\"wpcf7-form-control-wrap\" data-name=\"acceptance-581\"><span class=\"wpcf7-form-control wpcf7-acceptance optional\"><span class=\"wpcf7-list-item\"><label><input type=\"checkbox\" name=\"acceptance-581\" value=\"1\" aria-invalid=\"false\" \/><span class=\"wpcf7-list-item-label\">Acepto recibir informaci\u00f3n comercial de CONTROLTECNICA<\/span><\/label><\/span><\/span><\/span>\n<\/p>\n<p><input class=\"wpcf7-form-control wpcf7-submit has-spinner btn-size-large btn btn-color-primary\" type=\"submit\" value=\"ENVIAR MENSAJE\" \/>\n<\/p><div class=\"wpcf7-response-output\" aria-hidden=\"true\"><\/div>\n<\/form>\n<\/div>\n[\/vc_column][\/vc_row]<\/p>\n","protected":false},"excerpt":{"rendered":"<p><strong>GYROZEN 1696R<\/strong><\/p>\n<p>La centr\u00edfuga refrigerada GYROZEN 1696R combina alta capacidad y rendimiento en una forma atractiva que claramente reasalta de los dem\u00e1s centr\u00edfugas. Combina una alta capacidad de hasta 4 x 1,000 ml, con una versatilidad l\u00edder en su clase de 11 tipos de rotores de \u00e1ngulo fijo y 6 tipos de rotores oscilantes con diferentes racks de tubos. Tambi\u00e9n presenta el motor mejorado de alto rendimiento desarrollado espec\u00edficamente para 1696R para minimizar cualquier desviaci\u00f3n de velocidad, lo que lo hace ideal para una configuraci\u00f3n que requiere precisi\u00f3n y consistencia en cada paso.<\/p>\n<p><strong>\u00a0Caracter\u00edsticas que facilitan su trabajo diario:<\/strong><\/p>\n<ul>\n<li>Alta velocidad de centrifugaci\u00f3n que llega hasta 27.590 xg (16.000 rpm)<\/li>\n<li>Los rotores oscilantes se adaptan a tubos y botellas de 0.2 mL a 1.000 mL<\/li>\n<li>Tapa motorizada de tacto suave para un cierre f\u00e1cil y sin esfuerzo<\/li>\n<li>Pantalla de visualizaci\u00f3n altamente visible con botones t\u00e1ctiles integrados para un f\u00e1cil mantenimiento<\/li>\n<li>Teclas num\u00e9ricas para un ajuste r\u00e1pido<\/li>\n<li>Funci\u00f3n de enfriamiento r\u00e1pido que ajusta la temperatura a 4 \u00b0 C en 5 minutos para un inicio r\u00e1pido<\/li>\n<li>Funci\u00f3n de bloqueo de teclas para evitar cualquier cambio involuntario durante la operaci\u00f3n<\/li>\n<li>Reconocimiento autom\u00e1tico del rotor y advertencia de detecci\u00f3n de desequilibrio por seguridad<\/li>\n<\/ul>\n","protected":false},"featured_media":7860,"template":"","meta":{"iawp_total_views":21},"product_brand":[],"product_cat":[40],"product_tag":[],"class_list":{"0":"post-7859","1":"product","2":"type-product","3":"status-publish","4":"has-post-thumbnail","6":"product_cat-centrifugas-multiproposito","8":"first","9":"instock","10":"shipping-taxable","11":"product-type-simple"},"_links":{"self":[{"href":"https:\/\/www.controltecnica.com\/bio\/wp-json\/wp\/v2\/product\/7859","targetHints":{"allow":["GET"]}}],"collection":[{"href":"https:\/\/www.controltecnica.com\/bio\/wp-json\/wp\/v2\/product"}],"about":[{"href":"https:\/\/www.controltecnica.com\/bio\/wp-json\/wp\/v2\/types\/product"}],"wp:featuredmedia":[{"embeddable":true,"href":"https:\/\/www.controltecnica.com\/bio\/wp-json\/wp\/v2\/media\/7860"}],"wp:attachment":[{"href":"https:\/\/www.controltecnica.com\/bio\/wp-json\/wp\/v2\/media?parent=7859"}],"wp:term":[{"taxonomy":"product_brand","embeddable":true,"href":"https:\/\/www.controltecnica.com\/bio\/wp-json\/wp\/v2\/product_brand?post=7859"},{"taxonomy":"product_cat","embeddable":true,"href":"https:\/\/www.controltecnica.com\/bio\/wp-json\/wp\/v2\/product_cat?post=7859"},{"taxonomy":"product_tag","embeddable":true,"href":"https:\/\/www.controltecnica.com\/bio\/wp-json\/wp\/v2\/product_tag?post=7859"}],"curies":[{"name":"wp","href":"https:\/\/api.w.org\/{rel}","templated":true}]}}