{"id":7577,"date":"2021-11-25T08:50:30","date_gmt":"2021-11-25T08:50:30","guid":{"rendered":"https:\/\/www.controltecnica.com\/bio\/?post_type=product&#038;p=7577"},"modified":"2021-11-29T13:14:07","modified_gmt":"2021-11-29T13:14:07","slug":"balanzas-con-agitacion-serie-321","status":"publish","type":"product","link":"https:\/\/www.controltecnica.com\/bio\/producto\/balanzas-con-agitacion-serie-321\/","title":{"rendered":"Balanzas con Agitaci\u00f3n Serie 321"},"content":{"rendered":"<p>[vc_row][vc_column][vc_column_text text_larger=\u00bbno\u00bb]<\/p>\n<table class=\"table-condensed table-striped\">\n<thead>\n<tr class=\"row-1 odd\">\n<th class=\"column-1\">Modelo<\/th>\n<th class=\"column-2\"><center>Capacidad<\/center><\/th>\n<th class=\"column-3\"><center>Resoluci\u00f3n<\/center><\/th>\n<th class=\"column-4\"><center>Repetibilidad<\/center><\/th>\n<th class=\"column-5\"><center>Linealidad<\/center><\/th>\n<th class=\"column-6\"><center>M\u00f3dulo agitaci\u00f3n<br \/>\n(W x L x H) mm<\/center><\/th>\n<th class=\"column-7\"><center>Balanza-Agitadora<br \/>\n(W x L x H) mm<\/center><\/th>\n<\/tr>\n<\/thead>\n<tbody class=\"row-hover\">\n<tr class=\"row-2 even\">\n<td class=\"column-1\">LS 2200C-SB SCS<\/td>\n<td class=\"column-2\"><center>2200g<\/center><\/td>\n<td class=\"column-3\"><center>0.01 g<\/center><\/td>\n<td class=\"column-4\"><center>0.01 g<\/center><\/td>\n<td class=\"column-5\"><center>15 mg<\/center><\/td>\n<td class=\"column-6\"><center>190 x 190 x 30<\/center><\/td>\n<td class=\"column-7\"><center>228 x 381 x 99<\/center><\/td>\n<\/tr>\n<tr class=\"row-3 odd\">\n<td class=\"column-1\">LS 4200C-SB SCS<\/td>\n<td class=\"column-2\"><center>4200g<\/center><\/td>\n<td class=\"column-3\"><center>0.01 g<\/center><\/td>\n<td class=\"column-4\"><center>0.01 g<\/center><\/td>\n<td class=\"column-5\"><center>15 mg<\/center><\/td>\n<td class=\"column-6\"><center>190 x 190 x 30<\/center><\/td>\n<td class=\"column-7\"><center>228 x 381 x 99<\/center><\/td>\n<\/tr>\n<tr class=\"row-4 even\">\n<td class=\"column-1\">LS 6200C-SB SCS<\/td>\n<td class=\"column-2\"><center>6200g<\/center><\/td>\n<td class=\"column-3\"><center>0.01 g<\/center><\/td>\n<td class=\"column-4\"><center>0.01 g<\/center><\/td>\n<td class=\"column-5\"><center>15 mg<\/center><\/td>\n<td class=\"column-6\"><center>190 x 190 x 30<\/center><\/td>\n<td class=\"column-7\"><center>228 x 381 x 99<\/center><\/td>\n<\/tr>\n<\/tbody>\n<\/table>\n<p>[\/vc_column_text][vc_empty_space woodmart_hide_large=\u00bb0&#8243; woodmart_hide_medium=\u00bb0&#8243; woodmart_hide_small=\u00bb0&#8243; woodmart_hide_extra_small=\u00bb0&#8243;][vc_column_text text_larger=\u00bbno\u00bb]<\/p>\n<table class=\"table-condensed table-striped\">\n<tbody class=\"row-hover\">\n<tr class=\"row-1 odd\">\n<td class=\"column-1\">Volumen agitaci\u00f3n<\/td>\n<td class=\"column-2\">2L, 4L o 6L seg\u00fan modelo<\/td>\n<\/tr>\n<tr class=\"row-2 even\">\n<td class=\"column-1\">Potencia del motor<\/td>\n<td class=\"column-2\">2 &#8211; 8 W<\/td>\n<\/tr>\n<tr class=\"row-3 odd\">\n<td class=\"column-1\">Intervalo velocidad<\/td>\n<td class=\"column-2\">1000 U\/min (10 pasos; 10&#215;100 U\/min)<\/td>\n<\/tr>\n<tr class=\"row-4 even\">\n<td class=\"column-1\">Modulo de agitaci\u00f3n<\/td>\n<td class=\"column-2\">190 x 190 x 30 mm<\/td>\n<\/tr>\n<tr class=\"row-5 odd\">\n<td class=\"column-1\">Peso<\/td>\n<td class=\"column-2\">6300 g<\/td>\n<\/tr>\n<tr class=\"row-6 even\">\n<td class=\"column-1\">T\u00aa Ambiente<\/td>\n<td class=\"column-2\">5\u00baC a 40\u00baC<\/td>\n<\/tr>\n<tr class=\"row-7 odd\">\n<td class=\"column-1\">Alimentaci\u00f3n<\/td>\n<td class=\"column-2\">100 V &#8211; 240 V<\/td>\n<\/tr>\n<tr class=\"row-8 even\">\n<td class=\"column-1\">Interfaz<\/td>\n<td class=\"column-2\">RS232 \/ USB<\/td>\n<\/tr>\n<\/tbody>\n<\/table>\n<p>[\/vc_column_text][vc_empty_space woodmart_hide_large=\u00bb0&#8243; woodmart_hide_medium=\u00bb0&#8243; woodmart_hide_small=\u00bb0&#8243; woodmart_hide_extra_small=\u00bb0&#8243;]\n<div class=\"wpcf7 no-js\" id=\"wpcf7-f7-o1\" lang=\"es-ES\" dir=\"ltr\" data-wpcf7-id=\"7\">\n<div class=\"screen-reader-response\"><p role=\"status\" aria-live=\"polite\" aria-atomic=\"true\"><\/p> <ul><\/ul><\/div>\n<form action=\"\/bio\/wp-json\/wp\/v2\/product\/7577#wpcf7-f7-o1\" method=\"post\" class=\"wpcf7-form init\" aria-label=\"Formulario de contacto\" novalidate=\"novalidate\" data-status=\"init\">\n<fieldset class=\"hidden-fields-container\"><input type=\"hidden\" name=\"_wpcf7\" value=\"7\" \/><input type=\"hidden\" name=\"_wpcf7_version\" value=\"6.1.5\" \/><input type=\"hidden\" name=\"_wpcf7_locale\" value=\"es_ES\" \/><input type=\"hidden\" name=\"_wpcf7_unit_tag\" value=\"wpcf7-f7-o1\" \/><input type=\"hidden\" name=\"_wpcf7_container_post\" value=\"0\" \/><input type=\"hidden\" name=\"_wpcf7_posted_data_hash\" value=\"\" \/><input type=\"hidden\" name=\"_wpcf7_recaptcha_response\" value=\"\" \/>\n<\/fieldset>\n<div style=\"color:#e30614;font-weight:600;font-size:30px;margin-bottom:10px;\">\n\t<p>\u00bfPodemos ayudarte?\n\t<\/p>\n<\/div>\n<div class=\"row\">\n\t<div class=\"col-md-6\" style='margin-bottom:20px;'>\n\t\t<p><label>Nombre y Apellidos*<\/label><span class=\"wpcf7-form-control-wrap\" data-name=\"your-name\"><input size=\"40\" maxlength=\"400\" class=\"wpcf7-form-control wpcf7-text wpcf7-validates-as-required\" aria-required=\"true\" aria-invalid=\"false\" value=\"\" type=\"text\" name=\"your-name\" \/><\/span>\n\t\t<\/p>\n\t<\/div>\n\t<div class=\"col-md-6\" style='margin-bottom:20px;'>\n\t\t<p><label>Empresa\/Univ\/Hosp*<\/label><span class=\"wpcf7-form-control-wrap\" data-name=\"your-job\"><input size=\"40\" maxlength=\"400\" class=\"wpcf7-form-control wpcf7-text wpcf7-validates-as-required\" aria-required=\"true\" aria-invalid=\"false\" value=\"\" type=\"text\" name=\"your-job\" \/><\/span>\n\t\t<\/p>\n\t<\/div>\n<\/div>\n<div class=\"row\">\n\t<div class=\"col-md-6\" style='margin-bottom:20px;'>\n\t\t<p><label>Email*<\/label><span class=\"wpcf7-form-control-wrap\" data-name=\"your-email\"><input size=\"40\" maxlength=\"400\" class=\"wpcf7-form-control wpcf7-email wpcf7-validates-as-required wpcf7-text wpcf7-validates-as-email\" aria-required=\"true\" aria-invalid=\"false\" value=\"\" type=\"email\" name=\"your-email\" \/><\/span>\n\t\t<\/p>\n\t<\/div>\n\t<div class=\"col-md-6\" style='margin-bottom:20px;'>\n\t\t<p><label>Tel\u00e9fono*<\/label><span class=\"wpcf7-form-control-wrap\" data-name=\"your-number\"><input size=\"40\" maxlength=\"400\" class=\"wpcf7-form-control wpcf7-text wpcf7-validates-as-required\" aria-required=\"true\" aria-invalid=\"false\" value=\"\" type=\"text\" name=\"your-number\" \/><\/span>\n\t\t<\/p>\n\t<\/div>\n<\/div>\n<p><label>\u00bfEn qu\u00e9 est\u00e1s interesado?<\/label><span class=\"wpcf7-form-control-wrap\" data-name=\"your-message\"><textarea cols=\"40\" rows=\"10\" maxlength=\"2000\" class=\"wpcf7-form-control wpcf7-textarea\" aria-invalid=\"false\" name=\"your-message\"><\/textarea><\/span>\n<\/p>\n<p><span class=\"wpcf7-form-control-wrap\" data-name=\"acceptance-412\"><span class=\"wpcf7-form-control wpcf7-acceptance\"><span class=\"wpcf7-list-item\"><label><input type=\"checkbox\" name=\"acceptance-412\" value=\"1\" aria-invalid=\"false\" \/><span class=\"wpcf7-list-item-label\">He le\u00eddo y acepto la <a href=\"https:\/\/www.controltecnica.com\/bio\/privacidad\" target=\"_blank\">pol\u00edtica de privacidad<\/a><\/span><\/label><\/span><\/span><\/span><br \/>\n<span class=\"wpcf7-form-control-wrap\" data-name=\"acceptance-581\"><span class=\"wpcf7-form-control wpcf7-acceptance optional\"><span class=\"wpcf7-list-item\"><label><input type=\"checkbox\" name=\"acceptance-581\" value=\"1\" aria-invalid=\"false\" \/><span class=\"wpcf7-list-item-label\">Acepto recibir informaci\u00f3n comercial de CONTROLTECNICA<\/span><\/label><\/span><\/span><\/span>\n<\/p>\n<p><input class=\"wpcf7-form-control wpcf7-submit has-spinner btn-size-large btn btn-color-primary\" type=\"submit\" value=\"ENVIAR MENSAJE\" \/>\n<\/p><div class=\"wpcf7-response-output\" aria-hidden=\"true\"><\/div>\n<\/form>\n<\/div>\n[\/vc_column][\/vc_row]<\/p>\n","protected":false},"excerpt":{"rendered":"<p><strong>Balanzas con Agitaci\u00f3n Magn\u00e9tica Serie 321 \u2013\u00a0<\/strong><strong>Pionera en el laboratorio<\/strong><\/p>\n<p>Resuelve aplicaciones sencillas de agitaci\u00f3n y pesaje simultaneas. Esta balanza agitadora, pionera en el Laboratorio, resulta muy \u00fatil para la preparaci\u00f3n de disoluciones patr\u00f3n, realizaci\u00f3n de emulsiones y suspensiones; disoluci\u00f3n de pigmentos\/polvos en disoluciones acuosas; producci\u00f3n\/embotellado de suspensiones farmac\u00e9uticas, lacas, pinturas, derivados de petr\u00f3leo;\u00a0 embalaje de disoluciones de pintura; etc. \u2026<\/p>\n<ul>\n<li>Dise\u00f1o optimizado del m\u00f3dulo de agitaci\u00f3n acoplado a la c\u00e9lula de carga.<\/li>\n<li>Se asegura una completa homogeneizaci\u00f3n de la muestra sin afectar a la estabilidad ni a la precisi\u00f3n\u00a0de la balanza durante la adici\u00f3n y pesaje de la muestra<\/li>\n<li>Pantalla de vac\u00edo fluorescente de alto contraste que facilita la legibilidad<\/li>\n<li>Calibraci\u00f3n autom\u00e1tica\u00a0 interna<\/li>\n<li>Reloj con fecha y hora. Cumple GLP\/GMP<\/li>\n<li>Puerto USB y RS232<\/li>\n<li>Funciones avanzadas integradas de la balanza: densidad, pesaje de animales, conteo, estad\u00edsticas,\u00a0test de reproducibilidad autom\u00e1tico, selecci\u00f3n de varias unidades de medida, etc..<\/li>\n<\/ul>\n","protected":false},"featured_media":7578,"template":"","meta":{"iawp_total_views":112},"product_brand":[],"product_cat":[45],"product_tag":[],"class_list":{"0":"post-7577","1":"product","2":"type-product","3":"status-publish","4":"has-post-thumbnail","6":"product_cat-balanzas","8":"first","9":"instock","10":"shipping-taxable","11":"product-type-simple"},"_links":{"self":[{"href":"https:\/\/www.controltecnica.com\/bio\/wp-json\/wp\/v2\/product\/7577","targetHints":{"allow":["GET"]}}],"collection":[{"href":"https:\/\/www.controltecnica.com\/bio\/wp-json\/wp\/v2\/product"}],"about":[{"href":"https:\/\/www.controltecnica.com\/bio\/wp-json\/wp\/v2\/types\/product"}],"wp:featuredmedia":[{"embeddable":true,"href":"https:\/\/www.controltecnica.com\/bio\/wp-json\/wp\/v2\/media\/7578"}],"wp:attachment":[{"href":"https:\/\/www.controltecnica.com\/bio\/wp-json\/wp\/v2\/media?parent=7577"}],"wp:term":[{"taxonomy":"product_brand","embeddable":true,"href":"https:\/\/www.controltecnica.com\/bio\/wp-json\/wp\/v2\/product_brand?post=7577"},{"taxonomy":"product_cat","embeddable":true,"href":"https:\/\/www.controltecnica.com\/bio\/wp-json\/wp\/v2\/product_cat?post=7577"},{"taxonomy":"product_tag","embeddable":true,"href":"https:\/\/www.controltecnica.com\/bio\/wp-json\/wp\/v2\/product_tag?post=7577"}],"curies":[{"name":"wp","href":"https:\/\/api.w.org\/{rel}","templated":true}]}}