{"id":7369,"date":"2021-11-18T08:21:12","date_gmt":"2021-11-18T08:21:12","guid":{"rendered":"https:\/\/www.controltecnica.com\/bio\/?post_type=product&#038;p=7369"},"modified":"2021-11-22T11:42:44","modified_gmt":"2021-11-22T11:42:44","slug":"estufas-de-secado-serie-sl-simple-conveccion-natural","status":"publish","type":"product","link":"https:\/\/www.controltecnica.com\/bio\/producto\/estufas-de-secado-serie-sl-simple-conveccion-natural\/","title":{"rendered":"Estufas de secado Serie SL-Simple Convecci\u00f3n Natural"},"content":{"rendered":"<p>[vc_row][vc_column][vc_column_text text_larger=\u00bbno\u00bb]<\/p>\n<table class=\"table-condensed table-striped\">\n<thead>\n<tr class=\"row-1 odd\">\n<th class=\"column-1\">Modelos<\/th>\n<th class=\"column-2\"><center>SLN SIMPLE 53<\/center><\/th>\n<th class=\"column-3\"><center>SLW SIMPLE 53<\/center><\/th>\n<th class=\"column-4\"><center>SLN SIMPLE 115<\/center><\/th>\n<th class=\"column-5\"><center>SLW SIMPLE 115<\/center><\/th>\n<\/tr>\n<\/thead>\n<tbody class=\"row-hover\">\n<tr class=\"row-2 even\">\n<td class=\"column-1\">Convecci\u00f3n Aire<\/td>\n<td class=\"column-2\"><center>Convecci\u00f3n Natural<\/center><\/td>\n<td class=\"column-3\"><center>Convecci\u00f3n Forzada<\/center><\/td>\n<td class=\"column-4\"><center>Convecci\u00f3n Natural<\/center><\/td>\n<td class=\"column-5\"><center>Convecci\u00f3n Forzada<\/center><\/td>\n<\/tr>\n<tr class=\"row-3 odd\">\n<td class=\"column-1\">Capacidad<\/td>\n<td class=\"column-2\"><center>56 L<\/center><\/td>\n<td class=\"column-3\"><center>56 L<\/center><\/td>\n<td class=\"column-4\"><center>112 L<\/center><\/td>\n<td class=\"column-5\"><center>112 L<\/center><\/td>\n<\/tr>\n<tr class=\"row-4 even\">\n<td class=\"column-1\">Dimensiones Ext. [cm] (WxHxD)<\/td>\n<td class=\"column-2\"><center>66x59x60<\/center><\/td>\n<td class=\"column-3\"><center>66x59x60<\/center><\/td>\n<td class=\"column-4\"><center>72x73x71<\/center><\/td>\n<td class=\"column-5\"><center>72x73x71<\/center><\/td>\n<\/tr>\n<tr class=\"row-5 odd\">\n<td class=\"column-1\">Dimensiones Int. [cm] (WxHxD)<\/td>\n<td class=\"column-2\"><center>39x40x36<\/center><\/td>\n<td class=\"column-3\"><center>39x40x36<\/center><\/td>\n<td class=\"column-4\"><center>46x54x45<\/center><\/td>\n<td class=\"column-5\"><center>46x54x45<\/center><\/td>\n<\/tr>\n<tr class=\"row-6 even\">\n<td class=\"column-1\">M\u00e1x. carga\/estante<\/td>\n<td class=\"column-2\"><center>10 Kg<\/center><\/td>\n<td class=\"column-3\"><center>10 Kg<\/center><\/td>\n<td class=\"column-4\"><center>10 Kg<\/center><\/td>\n<td class=\"column-5\"><center>10 Kg<\/center><\/td>\n<\/tr>\n<tr class=\"row-7 odd\">\n<td class=\"column-1\">M\u00e1x. carga\/equipo<\/td>\n<td class=\"column-2\"><center>40 Kg<\/center><\/td>\n<td class=\"column-3\"><center>40 Kg<\/center><\/td>\n<td class=\"column-4\"><center>60 Kg<\/center><\/td>\n<td class=\"column-5\"><center>60 kg<\/center><\/td>\n<\/tr>\n<tr class=\"row-8 even\">\n<td class=\"column-1\">Peso (Kg)<\/td>\n<td class=\"column-2\"><center>50<\/center><\/td>\n<td class=\"column-3\"><center>50<\/center><\/td>\n<td class=\"column-4\"><center>65<\/center><\/td>\n<td class=\"column-5\"><center>65<\/center><\/td>\n<\/tr>\n<tr class=\"row-9 odd\">\n<td class=\"column-1\">Estantes incluidos \/ m\u00e1ximos<\/td>\n<td class=\"column-2\"><center>2\/5<\/center><\/td>\n<td class=\"column-3\"><center>2\/5<\/center><\/td>\n<td class=\"column-4\"><center>2\/7<\/center><\/td>\n<td class=\"column-5\"><center>2\/7<\/center><\/td>\n<\/tr>\n<tr class=\"row-10 even\">\n<td class=\"column-1\">Resoluci\u00f3n T\u00aa<\/td>\n<td class=\"column-2\" colspan=\"4\"><center>Cada 0,1 \u00baC<\/center><\/td>\n<\/tr>\n<tr class=\"row-11 odd\">\n<td class=\"column-1\">Rango de T\u00aa<\/td>\n<td class=\"column-2\" colspan=\"4\"><center>Amb + 5\u00baC hasta 250\u00baC<\/center><\/td>\n<\/tr>\n<tr class=\"row-12 even\">\n<td class=\"column-1\">Interior<\/td>\n<td class=\"column-2\" colspan=\"4\"><center>Acero Inoxidable seg\u00fan DIN 1.4016<\/center><\/td>\n<\/tr>\n<tr class=\"row-13 odd\">\n<td class=\"column-1\">Voltaje<\/td>\n<td class=\"column-2\" colspan=\"4\"><center>230 V \/60Hz<\/center><\/td>\n<\/tr>\n<\/tbody>\n<\/table>\n<p>[\/vc_column_text][vc_empty_space woodmart_hide_large=\u00bb0&#8243; woodmart_hide_medium=\u00bb0&#8243; woodmart_hide_small=\u00bb0&#8243; woodmart_hide_extra_small=\u00bb0&#8243;]\n<div class=\"wpcf7 no-js\" id=\"wpcf7-f7-o1\" lang=\"es-ES\" dir=\"ltr\" data-wpcf7-id=\"7\">\n<div class=\"screen-reader-response\"><p role=\"status\" aria-live=\"polite\" aria-atomic=\"true\"><\/p> <ul><\/ul><\/div>\n<form action=\"\/bio\/wp-json\/wp\/v2\/product\/7369#wpcf7-f7-o1\" method=\"post\" class=\"wpcf7-form init\" aria-label=\"Formulario de contacto\" novalidate=\"novalidate\" data-status=\"init\">\n<fieldset class=\"hidden-fields-container\"><input type=\"hidden\" name=\"_wpcf7\" value=\"7\" \/><input type=\"hidden\" name=\"_wpcf7_version\" value=\"6.1.5\" \/><input type=\"hidden\" name=\"_wpcf7_locale\" value=\"es_ES\" \/><input type=\"hidden\" name=\"_wpcf7_unit_tag\" value=\"wpcf7-f7-o1\" \/><input type=\"hidden\" name=\"_wpcf7_container_post\" value=\"0\" \/><input type=\"hidden\" name=\"_wpcf7_posted_data_hash\" value=\"\" \/><input type=\"hidden\" name=\"_wpcf7_recaptcha_response\" value=\"\" \/>\n<\/fieldset>\n<div style=\"color:#e30614;font-weight:600;font-size:30px;margin-bottom:10px;\">\n\t<p>\u00bfPodemos ayudarte?\n\t<\/p>\n<\/div>\n<div class=\"row\">\n\t<div class=\"col-md-6\" style='margin-bottom:20px;'>\n\t\t<p><label>Nombre y Apellidos*<\/label><span class=\"wpcf7-form-control-wrap\" data-name=\"your-name\"><input size=\"40\" maxlength=\"400\" class=\"wpcf7-form-control wpcf7-text wpcf7-validates-as-required\" aria-required=\"true\" aria-invalid=\"false\" value=\"\" type=\"text\" name=\"your-name\" \/><\/span>\n\t\t<\/p>\n\t<\/div>\n\t<div class=\"col-md-6\" style='margin-bottom:20px;'>\n\t\t<p><label>Empresa\/Univ\/Hosp*<\/label><span class=\"wpcf7-form-control-wrap\" data-name=\"your-job\"><input size=\"40\" maxlength=\"400\" class=\"wpcf7-form-control wpcf7-text wpcf7-validates-as-required\" aria-required=\"true\" aria-invalid=\"false\" value=\"\" type=\"text\" name=\"your-job\" \/><\/span>\n\t\t<\/p>\n\t<\/div>\n<\/div>\n<div class=\"row\">\n\t<div class=\"col-md-6\" style='margin-bottom:20px;'>\n\t\t<p><label>Email*<\/label><span class=\"wpcf7-form-control-wrap\" data-name=\"your-email\"><input size=\"40\" maxlength=\"400\" class=\"wpcf7-form-control wpcf7-email wpcf7-validates-as-required wpcf7-text wpcf7-validates-as-email\" aria-required=\"true\" aria-invalid=\"false\" value=\"\" type=\"email\" name=\"your-email\" \/><\/span>\n\t\t<\/p>\n\t<\/div>\n\t<div class=\"col-md-6\" style='margin-bottom:20px;'>\n\t\t<p><label>Tel\u00e9fono*<\/label><span class=\"wpcf7-form-control-wrap\" data-name=\"your-number\"><input size=\"40\" maxlength=\"400\" class=\"wpcf7-form-control wpcf7-text wpcf7-validates-as-required\" aria-required=\"true\" aria-invalid=\"false\" value=\"\" type=\"text\" name=\"your-number\" \/><\/span>\n\t\t<\/p>\n\t<\/div>\n<\/div>\n<p><label>\u00bfEn qu\u00e9 est\u00e1s interesado?<\/label><span class=\"wpcf7-form-control-wrap\" data-name=\"your-message\"><textarea cols=\"40\" rows=\"10\" maxlength=\"2000\" class=\"wpcf7-form-control wpcf7-textarea\" aria-invalid=\"false\" name=\"your-message\"><\/textarea><\/span>\n<\/p>\n<p><span class=\"wpcf7-form-control-wrap\" data-name=\"acceptance-412\"><span class=\"wpcf7-form-control wpcf7-acceptance\"><span class=\"wpcf7-list-item\"><label><input type=\"checkbox\" name=\"acceptance-412\" value=\"1\" aria-invalid=\"false\" \/><span class=\"wpcf7-list-item-label\">He le\u00eddo y acepto la <a href=\"https:\/\/www.controltecnica.com\/bio\/privacidad\" target=\"_blank\">pol\u00edtica de privacidad<\/a><\/span><\/label><\/span><\/span><\/span><br \/>\n<span class=\"wpcf7-form-control-wrap\" data-name=\"acceptance-581\"><span class=\"wpcf7-form-control wpcf7-acceptance optional\"><span class=\"wpcf7-list-item\"><label><input type=\"checkbox\" name=\"acceptance-581\" value=\"1\" aria-invalid=\"false\" \/><span class=\"wpcf7-list-item-label\">Acepto recibir informaci\u00f3n comercial de CONTROLTECNICA<\/span><\/label><\/span><\/span><\/span>\n<\/p>\n<p><input class=\"wpcf7-form-control wpcf7-submit has-spinner btn-size-large btn btn-color-primary\" type=\"submit\" value=\"ENVIAR MENSAJE\" \/>\n<\/p><div class=\"wpcf7-response-output\" aria-hidden=\"true\"><\/div>\n<\/form>\n<\/div>\n[\/vc_column][\/vc_row]<\/p>\n","protected":false},"excerpt":{"rendered":"<p><strong>ESTUFAS DE SECADO NATURAL SL-SIMPLE<\/strong><\/p>\n<p>Las estufas de secado de la serie SL- SIMPLE de Poleko son capaces de proporcionar temperaturas superiores al ambiente hasta 250\u00baC para aplicaciones como an\u00e1lisis de resistencia t\u00e9rmica de materiales de construcci\u00f3n, componentes electr\u00f3nicos y electrot\u00e9cnicos\u2026,\u00a0supervisi\u00f3n de las propiedades de productos sujetos a altas temperaturas,\u00a0secado de alambres de m\u00e1quinas de fabricaci\u00f3n de papel,\u00a0secado de cristales de laboratorio,\u00a0envejecimiento y curado en general,\u00a0calentamiento general,\u00a0prueba de materiales de artiller\u00eda,\u00a0pre-calentamiento,\u00a0gen\u00e9tica de agricultura,\u00a0metabolismo de medicinas, secado de papel y an\u00e1lisis de prote\u00ednas s\u00e9ricas entre otras.<\/p>\n<p>La estufas de secado de la serie SL-SIMPLE de Pol-Eko han sido fabricadas con el objetivo de otorgar simplicidad a los procesos del laboratorio y de ofrecer a nuestros clientes estufas de gran calidad a precio m\u00e1s econ\u00f3mico. Es la estufa de secado perfecta para aquellos usuarios que no requieren un programado avanzado. La gran facilidad de uso de esta estufa se consigue gracias a su controlador simple, que permite configurar la temperatura deseada y el tiempo de secado.<\/p>\n<p>Ventajas:<\/p>\n<ul>\n<li>Gran facilidad de uso<\/li>\n<li>Puerta s\u00f3lida y robusta<\/li>\n<li>Rango de temperatura de ambiente +5\u00baC hasta 250\u00baC<\/li>\n<li>Estantes de acero inoxidable<\/li>\n<li>Protecci\u00f3n por sobre-temperatura seg\u00fan la norma DIN 12880<\/li>\n<li>Equipada con pasamuros<\/li>\n<\/ul>\n<p>Esta estufa no admite a\u00f1adir opciones extras.<\/p>\n","protected":false},"featured_media":7370,"template":"","meta":{"iawp_total_views":20},"product_brand":[],"product_cat":[52],"product_tag":[],"class_list":{"0":"post-7369","1":"product","2":"type-product","3":"status-publish","4":"has-post-thumbnail","6":"product_cat-incubadores-estufas-y-hornos","8":"first","9":"instock","10":"shipping-taxable","11":"product-type-simple"},"_links":{"self":[{"href":"https:\/\/www.controltecnica.com\/bio\/wp-json\/wp\/v2\/product\/7369","targetHints":{"allow":["GET"]}}],"collection":[{"href":"https:\/\/www.controltecnica.com\/bio\/wp-json\/wp\/v2\/product"}],"about":[{"href":"https:\/\/www.controltecnica.com\/bio\/wp-json\/wp\/v2\/types\/product"}],"wp:featuredmedia":[{"embeddable":true,"href":"https:\/\/www.controltecnica.com\/bio\/wp-json\/wp\/v2\/media\/7370"}],"wp:attachment":[{"href":"https:\/\/www.controltecnica.com\/bio\/wp-json\/wp\/v2\/media?parent=7369"}],"wp:term":[{"taxonomy":"product_brand","embeddable":true,"href":"https:\/\/www.controltecnica.com\/bio\/wp-json\/wp\/v2\/product_brand?post=7369"},{"taxonomy":"product_cat","embeddable":true,"href":"https:\/\/www.controltecnica.com\/bio\/wp-json\/wp\/v2\/product_cat?post=7369"},{"taxonomy":"product_tag","embeddable":true,"href":"https:\/\/www.controltecnica.com\/bio\/wp-json\/wp\/v2\/product_tag?post=7369"}],"curies":[{"name":"wp","href":"https:\/\/api.w.org\/{rel}","templated":true}]}}