{"id":7332,"date":"2021-11-18T07:36:18","date_gmt":"2021-11-18T07:36:18","guid":{"rendered":"https:\/\/www.controltecnica.com\/bio\/?post_type=product&#038;p=7332"},"modified":"2021-11-19T11:28:16","modified_gmt":"2021-11-19T11:28:16","slug":"estufas-de-vacio-wov","status":"publish","type":"product","link":"https:\/\/www.controltecnica.com\/bio\/producto\/estufas-de-vacio-wov\/","title":{"rendered":"Estufas de vac\u00edo WOV"},"content":{"rendered":"<p>[vc_row][vc_column][vc_column_text text_larger=\u00bbno\u00bb]<\/p>\n<table class=\"table-condensed table-striped\">\n<thead>\n<tr class=\"row-1 odd\">\n<th class=\"column-1\">MODELO<\/th>\n<th class=\"column-2\"><center>WOV-20<\/center><\/th>\n<th class=\"column-3\"><center>WOV-30<\/center><\/th>\n<th class=\"column-4\"><center>WOV-70<\/center><\/th>\n<\/tr>\n<\/thead>\n<tbody class=\"row-hover\">\n<tr class=\"row-2 even\">\n<td class=\"column-1\">Capacidad<\/td>\n<td class=\"column-2\"><center>18,6 L<\/center><\/td>\n<td class=\"column-3\"><center>30 L<\/center><\/td>\n<td class=\"column-4\"><center>70 L<\/center><\/td>\n<\/tr>\n<tr class=\"row-3 odd\">\n<td class=\"column-1\">Dimensiones Internas (an x fondo x alt)<\/td>\n<td class=\"column-2\"><center>265 x 290 x 265 mm<\/center><\/td>\n<td class=\"column-3\"><center>300 x 330 x 300 mm<\/center><\/td>\n<td class=\"column-4\"><center>400 x 435 x 400 mm<\/center><\/td>\n<\/tr>\n<tr class=\"row-4 even\">\n<td class=\"column-1\">Dimensiones externas (an x fondo x alt)<\/td>\n<td class=\"column-2\"><center>480 x475 x 552 mm<\/center><\/td>\n<td class=\"column-3\"><center>515 x 515 x 587 mm<\/center><\/td>\n<td class=\"column-4\"><center>618 x 620 x 687 mm<\/center><\/td>\n<\/tr>\n<tr class=\"row-5 odd\">\n<td class=\"column-1\">Rango Vac\u00edo<\/td>\n<td class=\"column-2\" colspan=\"3\"><center>10 &#8211; 750 mmHg<\/center><\/td>\n<\/tr>\n<tr class=\"row-6 even\">\n<td class=\"column-1\">Temperatura<\/td>\n<td class=\"column-2\" colspan=\"3\"><center>Amb + 5\u00baC hasta 200\u00baC \/ PT100<\/center><\/td>\n<\/tr>\n<tr class=\"row-7 odd\">\n<td class=\"column-1\">Precisi\u00f3n T\u00aa<\/td>\n<td class=\"column-2\" colspan=\"3\"><center>\u00b1 0,5\u00baC a 100\u00baC<\/center><\/td>\n<\/tr>\n<tr class=\"row-8 even\">\n<td class=\"column-1\">Tiempo de calentamiento<\/td>\n<td class=\"column-2\"><center>60 min hasta 100\u00baC, 90min hasta 150\u00baC<\/center><\/td>\n<td class=\"column-3\"><center>70 min hasta 100\u00baC, 100min hasta 150\u00baC<\/center><\/td>\n<td class=\"column-4\"><center>80 min hasta 100\u00baC, 100min hasta 150\u00baC<\/center><\/td>\n<\/tr>\n<tr class=\"row-9 odd\">\n<td class=\"column-1\">Temporizador<\/td>\n<td class=\"column-2\" colspan=\"3\"><center>99 hr 59 min<\/center><\/td>\n<\/tr>\n<tr class=\"row-10 even\">\n<td class=\"column-1\">Display<\/td>\n<td class=\"column-2\" colspan=\"3\"><center>Digital LCD retroiluminado<\/center><\/td>\n<\/tr>\n<tr class=\"row-11 odd\">\n<td class=\"column-1\">Resoluci\u00f3n<\/td>\n<td class=\"column-2\" colspan=\"3\"><center>Control \u00b1 1,0\u00baC ; Display \u00b1 1,0\u00baC<\/center><\/td>\n<\/tr>\n<tr class=\"row-12 even\">\n<td class=\"column-1\">Bandejas<\/td>\n<td class=\"column-2\" colspan=\"3\"><center>2 bandejas de aluminio incluidas<\/center><\/td>\n<\/tr>\n<tr class=\"row-13 odd\">\n<td class=\"column-1\">Alarmas y seguridad<\/td>\n<td class=\"column-2\" colspan=\"3\"><center>Alarma por alta temperatura, protecci\u00f3n por sobre-tensi\u00f3n\u2026<\/center><\/td>\n<\/tr>\n<tr class=\"row-14 even\">\n<td class=\"column-1\">Material<\/td>\n<td class=\"column-2\" colspan=\"3\"><center>Interior: acero inoxidable (#304); Exterior: Acero pintado; Ventana: Cristal templado 12T policarbonato 5T<\/center><\/td>\n<\/tr>\n<tr class=\"row-15 odd\">\n<td class=\"column-1\">Alimentaci\u00f3n<\/td>\n<td class=\"column-2\" colspan=\"3\"><center>Monof\u00e1sico, AC 120V, 60 Hz o AC 230V, 50\/60Hz<\/center><\/td>\n<\/tr>\n<tr class=\"row-16 even\">\n<td class=\"column-1\">Peso neto<\/td>\n<td class=\"column-2\"><center>48 Kg<\/center><\/td>\n<td class=\"column-3\"><center>55 Kg<\/center><\/td>\n<td class=\"column-4\"><center>85 Kg<\/center><\/td>\n<\/tr>\n<tr class=\"row-17 odd\">\n<td class=\"column-1\">Potencia calefactora<\/td>\n<td class=\"column-2\"><center>600W<\/center><\/td>\n<td class=\"column-3\"><center>600W<\/center><\/td>\n<td class=\"column-4\"><center>1,6 kW<\/center><\/td>\n<\/tr>\n<\/tbody>\n<\/table>\n<p>[\/vc_column_text][vc_empty_space woodmart_hide_large=\u00bb0&#8243; woodmart_hide_medium=\u00bb0&#8243; woodmart_hide_small=\u00bb0&#8243; woodmart_hide_extra_small=\u00bb0&#8243;]\n<div class=\"wpcf7 no-js\" id=\"wpcf7-f7-o1\" lang=\"es-ES\" dir=\"ltr\" data-wpcf7-id=\"7\">\n<div class=\"screen-reader-response\"><p role=\"status\" aria-live=\"polite\" aria-atomic=\"true\"><\/p> <ul><\/ul><\/div>\n<form action=\"\/bio\/wp-json\/wp\/v2\/product\/7332#wpcf7-f7-o1\" method=\"post\" class=\"wpcf7-form init\" aria-label=\"Formulario de contacto\" novalidate=\"novalidate\" data-status=\"init\">\n<fieldset class=\"hidden-fields-container\"><input type=\"hidden\" name=\"_wpcf7\" value=\"7\" \/><input type=\"hidden\" name=\"_wpcf7_version\" value=\"6.1.5\" \/><input type=\"hidden\" name=\"_wpcf7_locale\" value=\"es_ES\" \/><input type=\"hidden\" name=\"_wpcf7_unit_tag\" value=\"wpcf7-f7-o1\" \/><input type=\"hidden\" name=\"_wpcf7_container_post\" value=\"0\" \/><input type=\"hidden\" name=\"_wpcf7_posted_data_hash\" value=\"\" \/><input type=\"hidden\" name=\"_wpcf7_recaptcha_response\" value=\"\" \/>\n<\/fieldset>\n<div style=\"color:#e30614;font-weight:600;font-size:30px;margin-bottom:10px;\">\n\t<p>\u00bfPodemos ayudarte?\n\t<\/p>\n<\/div>\n<div class=\"row\">\n\t<div class=\"col-md-6\" style='margin-bottom:20px;'>\n\t\t<p><label>Nombre y Apellidos*<\/label><span class=\"wpcf7-form-control-wrap\" data-name=\"your-name\"><input size=\"40\" maxlength=\"400\" class=\"wpcf7-form-control wpcf7-text wpcf7-validates-as-required\" aria-required=\"true\" aria-invalid=\"false\" value=\"\" type=\"text\" name=\"your-name\" \/><\/span>\n\t\t<\/p>\n\t<\/div>\n\t<div class=\"col-md-6\" style='margin-bottom:20px;'>\n\t\t<p><label>Empresa\/Univ\/Hosp*<\/label><span class=\"wpcf7-form-control-wrap\" data-name=\"your-job\"><input size=\"40\" maxlength=\"400\" class=\"wpcf7-form-control wpcf7-text wpcf7-validates-as-required\" aria-required=\"true\" aria-invalid=\"false\" value=\"\" type=\"text\" name=\"your-job\" \/><\/span>\n\t\t<\/p>\n\t<\/div>\n<\/div>\n<div class=\"row\">\n\t<div class=\"col-md-6\" style='margin-bottom:20px;'>\n\t\t<p><label>Email*<\/label><span class=\"wpcf7-form-control-wrap\" data-name=\"your-email\"><input size=\"40\" maxlength=\"400\" class=\"wpcf7-form-control wpcf7-email wpcf7-validates-as-required wpcf7-text wpcf7-validates-as-email\" aria-required=\"true\" aria-invalid=\"false\" value=\"\" type=\"email\" name=\"your-email\" \/><\/span>\n\t\t<\/p>\n\t<\/div>\n\t<div class=\"col-md-6\" style='margin-bottom:20px;'>\n\t\t<p><label>Tel\u00e9fono*<\/label><span class=\"wpcf7-form-control-wrap\" data-name=\"your-number\"><input size=\"40\" maxlength=\"400\" class=\"wpcf7-form-control wpcf7-text wpcf7-validates-as-required\" aria-required=\"true\" aria-invalid=\"false\" value=\"\" type=\"text\" name=\"your-number\" \/><\/span>\n\t\t<\/p>\n\t<\/div>\n<\/div>\n<p><label>\u00bfEn qu\u00e9 est\u00e1s interesado?<\/label><span class=\"wpcf7-form-control-wrap\" data-name=\"your-message\"><textarea cols=\"40\" rows=\"10\" maxlength=\"2000\" class=\"wpcf7-form-control wpcf7-textarea\" aria-invalid=\"false\" name=\"your-message\"><\/textarea><\/span>\n<\/p>\n<p><span class=\"wpcf7-form-control-wrap\" data-name=\"acceptance-412\"><span class=\"wpcf7-form-control wpcf7-acceptance\"><span class=\"wpcf7-list-item\"><label><input type=\"checkbox\" name=\"acceptance-412\" value=\"1\" aria-invalid=\"false\" \/><span class=\"wpcf7-list-item-label\">He le\u00eddo y acepto la <a href=\"https:\/\/www.controltecnica.com\/bio\/privacidad\" target=\"_blank\">pol\u00edtica de privacidad<\/a><\/span><\/label><\/span><\/span><\/span><br \/>\n<span class=\"wpcf7-form-control-wrap\" data-name=\"acceptance-581\"><span class=\"wpcf7-form-control wpcf7-acceptance optional\"><span class=\"wpcf7-list-item\"><label><input type=\"checkbox\" name=\"acceptance-581\" value=\"1\" aria-invalid=\"false\" \/><span class=\"wpcf7-list-item-label\">Acepto recibir informaci\u00f3n comercial de CONTROLTECNICA<\/span><\/label><\/span><\/span><\/span>\n<\/p>\n<p><input class=\"wpcf7-form-control wpcf7-submit has-spinner btn-size-large btn btn-color-primary\" type=\"submit\" value=\"ENVIAR MENSAJE\" \/>\n<\/p><div class=\"wpcf7-response-output\" aria-hidden=\"true\"><\/div>\n<\/form>\n<\/div>\n[\/vc_column][\/vc_row]<\/p>\n","protected":false},"excerpt":{"rendered":"<p><strong>ESTUFAS DE VAC\u00cdO \u201cWOV\u201d DE WITEG\u00ae<\/strong><\/p>\n<p>Las estufas de vac\u00edo de la serie WOV de WITEG ofrecen gran precisi\u00f3n, estabilidad y seguridad. Estan dotadas de una puerta con ventana de vidrio de alta seguridad ante las altas temperaturas que estas estufas pueden alcanzar: hasta 200\u00baC. Esta serie ofrece 3 modelos de distintas capacidades:<\/p>\n<ul>\n<li>WOV-20: de 18,6 litros<\/li>\n<li>WOV-30: de 30 litros<\/li>\n<li>WOV-70: de 70 litros<\/li>\n<\/ul>\n<p>Se incluyen con el equipo 2 bandejas de aluminio en el interior de la c\u00e1mara de acero inoxidable #304 de alta durabilidad. El exterior de estos equipos est\u00e1 fabricado en acero pintado y la ventana de cristal es de seguridad 12T de policarbonato 5T para ofrecer al usuario una m\u00e1xima seguridad.<\/p>\n<p>Estos equipos son ideales para el uso diario en el laboratorio para secado, calentamiento, precalentamiento de muestras que requieran de vac\u00edo, extracci\u00f3n de gases del material de vidrio, aplicaciones con necesidades de vac\u00edo, pruebas de envejecimiento\u2026<\/p>\n<p>Caracter\u00edsticas generales:<\/p>\n<ul>\n<li>Controlador digital para una alta precisi\u00f3n de la temperatura.<\/li>\n<li>Sonda PT100<\/li>\n<li>Interfaz RS232C para monitorizaci\u00f3n remota y control por PC<\/li>\n<li>Ventana de alta seguridad<\/li>\n<li>Alta uniformidad y estabilidad de temperatura<\/li>\n<li>Alarma por sobre-temperatura, error en los sensores de temperatura<\/li>\n<li>Dotada de temporizador y alarma<\/li>\n<li>Llave de la puerta incluida para la seguridad en experimentos<\/li>\n<\/ul>\n","protected":false},"featured_media":7334,"template":"","meta":{"iawp_total_views":23},"product_brand":[],"product_cat":[52],"product_tag":[],"class_list":{"0":"post-7332","1":"product","2":"type-product","3":"status-publish","4":"has-post-thumbnail","6":"product_cat-incubadores-estufas-y-hornos","8":"first","9":"instock","10":"shipping-taxable","11":"product-type-simple"},"_links":{"self":[{"href":"https:\/\/www.controltecnica.com\/bio\/wp-json\/wp\/v2\/product\/7332","targetHints":{"allow":["GET"]}}],"collection":[{"href":"https:\/\/www.controltecnica.com\/bio\/wp-json\/wp\/v2\/product"}],"about":[{"href":"https:\/\/www.controltecnica.com\/bio\/wp-json\/wp\/v2\/types\/product"}],"wp:featuredmedia":[{"embeddable":true,"href":"https:\/\/www.controltecnica.com\/bio\/wp-json\/wp\/v2\/media\/7334"}],"wp:attachment":[{"href":"https:\/\/www.controltecnica.com\/bio\/wp-json\/wp\/v2\/media?parent=7332"}],"wp:term":[{"taxonomy":"product_brand","embeddable":true,"href":"https:\/\/www.controltecnica.com\/bio\/wp-json\/wp\/v2\/product_brand?post=7332"},{"taxonomy":"product_cat","embeddable":true,"href":"https:\/\/www.controltecnica.com\/bio\/wp-json\/wp\/v2\/product_cat?post=7332"},{"taxonomy":"product_tag","embeddable":true,"href":"https:\/\/www.controltecnica.com\/bio\/wp-json\/wp\/v2\/product_tag?post=7332"}],"curies":[{"name":"wp","href":"https:\/\/api.w.org\/{rel}","templated":true}]}}