{"id":7187,"date":"2021-11-05T11:02:09","date_gmt":"2021-11-05T11:02:09","guid":{"rendered":"https:\/\/www.controltecnica.com\/bio\/?post_type=product&#038;p=7187"},"modified":"2021-11-11T07:33:47","modified_gmt":"2021-11-11T07:33:47","slug":"placas-de-vidrio-calefactadas","status":"publish","type":"product","link":"https:\/\/www.controltecnica.com\/bio\/producto\/placas-de-vidrio-calefactadas\/","title":{"rendered":"Placas de vidrio Calefactadas"},"content":{"rendered":"<p>[vc_row][vc_column width=\u00bb1\/2&#8243;][vc_column_text text_larger=\u00bbno\u00bb]<strong>Caracter\u00edsticas de las Placas de Vidrio<\/strong><\/p>\n<ul>\n<li>Grosor de la placa de vidrio: 0.5 mm \u2013 vidrio reforzado<\/li>\n<li>Tipo de placa: formas redondas o rectangulares disponibles<\/li>\n<li>Sensor de temperatura<\/li>\n<li>Rango de temperatura: de ambiente hasta\u00a060\u00b0C<\/li>\n<li>Precisi\u00f3n del sensor de T\u00aa: \u00b10.1\u00b0C<\/li>\n<li>Rutina de autocalibraci\u00f3n<\/li>\n<li>Precisi\u00f3n de la temperatura en la muestra: \u00b10.3\u00b0C, despues de la auto calibraci\u00f3n<\/li>\n<li>Controlador con Pantalla t\u00e1ctil\u00a04.3\u2019\u2019<\/li>\n<\/ul>\n<p>[\/vc_column_text][\/vc_column][vc_column width=\u00bb1\/2&#8243;]\n<div class=\"wpcf7 no-js\" id=\"wpcf7-f7-o1\" lang=\"es-ES\" dir=\"ltr\" data-wpcf7-id=\"7\">\n<div class=\"screen-reader-response\"><p role=\"status\" aria-live=\"polite\" aria-atomic=\"true\"><\/p> <ul><\/ul><\/div>\n<form action=\"\/bio\/wp-json\/wp\/v2\/product\/7187#wpcf7-f7-o1\" method=\"post\" class=\"wpcf7-form init\" aria-label=\"Formulario de contacto\" novalidate=\"novalidate\" data-status=\"init\">\n<fieldset class=\"hidden-fields-container\"><input type=\"hidden\" name=\"_wpcf7\" value=\"7\" \/><input type=\"hidden\" name=\"_wpcf7_version\" value=\"6.1.5\" \/><input type=\"hidden\" name=\"_wpcf7_locale\" value=\"es_ES\" \/><input type=\"hidden\" name=\"_wpcf7_unit_tag\" value=\"wpcf7-f7-o1\" \/><input type=\"hidden\" name=\"_wpcf7_container_post\" value=\"0\" \/><input type=\"hidden\" name=\"_wpcf7_posted_data_hash\" value=\"\" \/><input type=\"hidden\" name=\"_wpcf7_recaptcha_response\" value=\"\" \/>\n<\/fieldset>\n<div style=\"color:#e30614;font-weight:600;font-size:30px;margin-bottom:10px;\">\n\t<p>\u00bfPodemos ayudarte?\n\t<\/p>\n<\/div>\n<div class=\"row\">\n\t<div class=\"col-md-6\" style='margin-bottom:20px;'>\n\t\t<p><label>Nombre y Apellidos*<\/label><span class=\"wpcf7-form-control-wrap\" data-name=\"your-name\"><input size=\"40\" maxlength=\"400\" class=\"wpcf7-form-control wpcf7-text wpcf7-validates-as-required\" aria-required=\"true\" aria-invalid=\"false\" value=\"\" type=\"text\" name=\"your-name\" \/><\/span>\n\t\t<\/p>\n\t<\/div>\n\t<div class=\"col-md-6\" style='margin-bottom:20px;'>\n\t\t<p><label>Empresa\/Univ\/Hosp*<\/label><span class=\"wpcf7-form-control-wrap\" data-name=\"your-job\"><input size=\"40\" maxlength=\"400\" class=\"wpcf7-form-control wpcf7-text wpcf7-validates-as-required\" aria-required=\"true\" aria-invalid=\"false\" value=\"\" type=\"text\" name=\"your-job\" \/><\/span>\n\t\t<\/p>\n\t<\/div>\n<\/div>\n<div class=\"row\">\n\t<div class=\"col-md-6\" style='margin-bottom:20px;'>\n\t\t<p><label>Email*<\/label><span class=\"wpcf7-form-control-wrap\" data-name=\"your-email\"><input size=\"40\" maxlength=\"400\" class=\"wpcf7-form-control wpcf7-email wpcf7-validates-as-required wpcf7-text wpcf7-validates-as-email\" aria-required=\"true\" aria-invalid=\"false\" value=\"\" type=\"email\" name=\"your-email\" \/><\/span>\n\t\t<\/p>\n\t<\/div>\n\t<div class=\"col-md-6\" style='margin-bottom:20px;'>\n\t\t<p><label>Tel\u00e9fono*<\/label><span class=\"wpcf7-form-control-wrap\" data-name=\"your-number\"><input size=\"40\" maxlength=\"400\" class=\"wpcf7-form-control wpcf7-text wpcf7-validates-as-required\" aria-required=\"true\" aria-invalid=\"false\" value=\"\" type=\"text\" name=\"your-number\" \/><\/span>\n\t\t<\/p>\n\t<\/div>\n<\/div>\n<p><label>\u00bfEn qu\u00e9 est\u00e1s interesado?<\/label><span class=\"wpcf7-form-control-wrap\" data-name=\"your-message\"><textarea cols=\"40\" rows=\"10\" maxlength=\"2000\" class=\"wpcf7-form-control wpcf7-textarea\" aria-invalid=\"false\" name=\"your-message\"><\/textarea><\/span>\n<\/p>\n<p><span class=\"wpcf7-form-control-wrap\" data-name=\"acceptance-412\"><span class=\"wpcf7-form-control wpcf7-acceptance\"><span class=\"wpcf7-list-item\"><label><input type=\"checkbox\" name=\"acceptance-412\" value=\"1\" aria-invalid=\"false\" \/><span class=\"wpcf7-list-item-label\">He le\u00eddo y acepto la <a href=\"https:\/\/www.controltecnica.com\/bio\/privacidad\" target=\"_blank\">pol\u00edtica de privacidad<\/a><\/span><\/label><\/span><\/span><\/span><br \/>\n<span class=\"wpcf7-form-control-wrap\" data-name=\"acceptance-581\"><span class=\"wpcf7-form-control wpcf7-acceptance optional\"><span class=\"wpcf7-list-item\"><label><input type=\"checkbox\" name=\"acceptance-581\" value=\"1\" aria-invalid=\"false\" \/><span class=\"wpcf7-list-item-label\">Acepto recibir informaci\u00f3n comercial de CONTROLTECNICA<\/span><\/label><\/span><\/span><\/span>\n<\/p>\n<p><input class=\"wpcf7-form-control wpcf7-submit has-spinner btn-size-large btn btn-color-primary\" type=\"submit\" value=\"ENVIAR MENSAJE\" \/>\n<\/p><div class=\"wpcf7-response-output\" aria-hidden=\"true\"><\/div>\n<\/form>\n<\/div>\n[\/vc_column][\/vc_row]<\/p>\n","protected":false},"excerpt":{"rendered":"<p><strong>Placas de vidrio Calefactadas Oko-Lab<\/strong><\/p>\n<p>Las placas de vidrio calefactadas se adaptan a cualquier microscopio para mantener la temperatura durante la ICSI.<\/p>\n<p>La temperatura en las placas calefactadas se controla mediante un controlador muy preciso:<\/p>\n<p>El dispositivo H401-T-BL-DUAL es un control de 2 canales que puede regular dos placas a la vez. Las placas se conectan a trav\u00e9s de un cable conector r\u00e1pido para facilitar su manejo.<\/p>\n<p>Dispone de un touch screen de 4,3\u201d muy intuitivo que ofrece precisi\u00f3n y sencillez lo que permite la calibraci\u00f3n autom\u00e1tica e independiente.<\/p>\n<p><strong>Caracteristicas<\/strong><\/p>\n<ul>\n<li>Rango de temperatura: desde ambiente hasta 60 \u00b0 C<\/li>\n<li>Precisi\u00f3n de la temperatura en la muestra: \u00b1 0,3 \u00b0 C, despu\u00e9s de la auto calibraci\u00f3n<\/li>\n<li>Temperatura de la muestra dentro de \u00b1 0,3 \u00b0 C, si la temperatura ambiente se mantiene dentro de \u00b1 1 \u00b0 C<\/li>\n<li>Cabe en las etapas XY del microscopio<\/li>\n<li>F\u00e1cil reemplazo de la placa, si es necesario<\/li>\n<li>Sensor T Externo (incluido).<\/li>\n<li>Registro de datos de a bordo y descarga de rutinas a la unidad USB.<\/li>\n<li>Alarma y conector de alarma externa<\/li>\n<li>Las rutinas de auto-calibraci\u00f3n permiten mejorar la precisi\u00f3n de la temperatura.<\/li>\n<\/ul>\n<p><strong>Compatibilidad<\/strong><\/p>\n<p>El controlador H401-T-BL-DUAL puede ser conectado a los siguientes tipos de placas (m\u00e1x. 2 a la vez)<\/p>\n<ul>\n<li>H401 GLASS PLATES<\/li>\n<li>H401 METAL PLATES<\/li>\n<li>H401 GLASS TABLE<\/li>\n<li>H401 T PAD<\/li>\n<li>OBJECTIVE HEATER<\/li>\n<\/ul>\n","protected":false},"featured_media":7219,"template":"","meta":{"iawp_total_views":30},"product_brand":[],"product_cat":[67],"product_tag":[],"class_list":{"0":"post-7187","1":"product","2":"type-product","3":"status-publish","4":"has-post-thumbnail","6":"product_cat-placas-calefactadas-fiv","8":"first","9":"instock","10":"shipping-taxable","11":"product-type-simple"},"_links":{"self":[{"href":"https:\/\/www.controltecnica.com\/bio\/wp-json\/wp\/v2\/product\/7187","targetHints":{"allow":["GET"]}}],"collection":[{"href":"https:\/\/www.controltecnica.com\/bio\/wp-json\/wp\/v2\/product"}],"about":[{"href":"https:\/\/www.controltecnica.com\/bio\/wp-json\/wp\/v2\/types\/product"}],"wp:featuredmedia":[{"embeddable":true,"href":"https:\/\/www.controltecnica.com\/bio\/wp-json\/wp\/v2\/media\/7219"}],"wp:attachment":[{"href":"https:\/\/www.controltecnica.com\/bio\/wp-json\/wp\/v2\/media?parent=7187"}],"wp:term":[{"taxonomy":"product_brand","embeddable":true,"href":"https:\/\/www.controltecnica.com\/bio\/wp-json\/wp\/v2\/product_brand?post=7187"},{"taxonomy":"product_cat","embeddable":true,"href":"https:\/\/www.controltecnica.com\/bio\/wp-json\/wp\/v2\/product_cat?post=7187"},{"taxonomy":"product_tag","embeddable":true,"href":"https:\/\/www.controltecnica.com\/bio\/wp-json\/wp\/v2\/product_tag?post=7187"}],"curies":[{"name":"wp","href":"https:\/\/api.w.org\/{rel}","templated":true}]}}