{"id":7123,"date":"2021-11-04T08:17:22","date_gmt":"2021-11-04T08:17:22","guid":{"rendered":"https:\/\/www.controltecnica.com\/bio\/?post_type=product&#038;p=7123"},"modified":"2021-11-30T11:41:21","modified_gmt":"2021-11-30T11:41:21","slug":"pol-eko-zln-85","status":"publish","type":"product","link":"https:\/\/www.controltecnica.com\/bio\/producto\/pol-eko-zln-85\/","title":{"rendered":"Pol-eko ZLN-85 -25\u00baC"},"content":{"rendered":"<p>[vc_row][vc_column width=\u00bb1\/2&#8243;][vc_column_text text_larger=\u00bbno\u00bb]<\/p>\n<table class=\"table table-condensed table-striped\">\n<thead>\n<tr class=\"row-1 odd\">\n<th class=\"column-1\">Modelo<\/th>\n<th class=\"column-2\"><center>ZLN 85<\/center><\/th>\n<\/tr>\n<\/thead>\n<tbody class=\"row-hover\">\n<tr class=\"row-2 even\">\n<td class=\"column-1\">Convecci\u00f3n Aire<\/td>\n<td class=\"column-2\"><center>Natural<\/center><\/td>\n<\/tr>\n<tr class=\"row-3 odd\">\n<td class=\"column-1\">Capacidad<\/td>\n<td class=\"column-2\"><center>95 L<\/center><\/td>\n<\/tr>\n<tr class=\"row-4 even\">\n<td class=\"column-1\">Tipo de puerta<\/td>\n<td class=\"column-2\"><center>S\u00f3lida<\/center><\/td>\n<\/tr>\n<tr class=\"row-5 odd\">\n<td class=\"column-1\">Rango de T\u00aa<\/td>\n<td class=\"column-2\"><center>-25\u00baC a 0\u00baC<\/center><\/td>\n<\/tr>\n<tr class=\"row-6 even\">\n<td class=\"column-1\">Controlador<\/td>\n<td class=\"column-2\"><center>Microprocesador con Display gr\u00e1fico externo LCD<\/center><\/td>\n<\/tr>\n<tr class=\"row-7 odd\">\n<td class=\"column-1\">Interior<\/td>\n<td class=\"column-2\"><center>Acero Inoxidable a prueba de \u00e1cidos de acuerdo a DIN 1.4301<\/center><\/td>\n<\/tr>\n<tr class=\"row-8 even\">\n<td class=\"column-1\">Exterior<\/td>\n<td class=\"column-2\"><center>Acero Pintado \u00f3 Acero Inoxidable<\/center><\/td>\n<\/tr>\n<tr class=\"row-9 odd\">\n<td class=\"column-1\">Dimensiones Ext. [cm]<\/td>\n<td class=\"column-2\"><center>61 x 88 x 65f<\/center><\/td>\n<\/tr>\n<tr class=\"row-10 even\">\n<td class=\"column-1\">M\u00e1x. carga\/estante<\/td>\n<td class=\"column-2\"><center>10 Kg<\/center><\/td>\n<\/tr>\n<tr class=\"row-11 odd\">\n<td class=\"column-1\">M\u00e1x. carga\/equipo<\/td>\n<td class=\"column-2\"><center>30 Kg<\/center><\/td>\n<\/tr>\n<tr class=\"row-12 even\">\n<td class=\"column-1\">Potencia [W]<\/td>\n<td class=\"column-2\"><center>200 W<\/center><\/td>\n<\/tr>\n<tr class=\"row-13 odd\">\n<td class=\"column-1\">Peso (Kg)<\/td>\n<td class=\"column-2\"><center>60<\/center><\/td>\n<\/tr>\n<tr class=\"row-14 even\">\n<td class=\"column-1\">Resoluci\u00f3n T\u00aa<\/td>\n<td class=\"column-2\"><center>Cada 0,1 \u00baC<\/center><\/td>\n<\/tr>\n<tr class=\"row-15 odd\">\n<td class=\"column-1\">Fluctuaciones de Temperatura a 105\u00baC<\/td>\n<td class=\"column-2\"><center>\u00b1 0,4<\/center><\/td>\n<\/tr>\n<tr class=\"row-16 even\">\n<td class=\"column-1\">Voltaje<\/td>\n<td class=\"column-2\"><center>230V 50Hz<\/center><\/td>\n<\/tr>\n<tr class=\"row-17 odd\">\n<td class=\"column-1\">Estantes incluidos \/ m\u00e1ximos<\/td>\n<td class=\"column-2\"><center>2\/4<\/center><\/td>\n<\/tr>\n<\/tbody>\n<\/table>\n<p>[\/vc_column_text][\/vc_column][vc_column width=\u00bb1\/2&#8243;]\n<div class=\"wpcf7 no-js\" id=\"wpcf7-f7-o1\" lang=\"es-ES\" dir=\"ltr\" data-wpcf7-id=\"7\">\n<div class=\"screen-reader-response\"><p role=\"status\" aria-live=\"polite\" aria-atomic=\"true\"><\/p> <ul><\/ul><\/div>\n<form action=\"\/bio\/wp-json\/wp\/v2\/product\/7123#wpcf7-f7-o1\" method=\"post\" class=\"wpcf7-form init\" aria-label=\"Formulario de contacto\" novalidate=\"novalidate\" data-status=\"init\">\n<fieldset class=\"hidden-fields-container\"><input type=\"hidden\" name=\"_wpcf7\" value=\"7\" \/><input type=\"hidden\" name=\"_wpcf7_version\" value=\"6.1.5\" \/><input type=\"hidden\" name=\"_wpcf7_locale\" value=\"es_ES\" \/><input type=\"hidden\" name=\"_wpcf7_unit_tag\" value=\"wpcf7-f7-o1\" \/><input type=\"hidden\" name=\"_wpcf7_container_post\" value=\"0\" \/><input type=\"hidden\" name=\"_wpcf7_posted_data_hash\" value=\"\" \/><input type=\"hidden\" name=\"_wpcf7_recaptcha_response\" value=\"\" \/>\n<\/fieldset>\n<div style=\"color:#e30614;font-weight:600;font-size:30px;margin-bottom:10px;\">\n\t<p>\u00bfPodemos ayudarte?\n\t<\/p>\n<\/div>\n<div class=\"row\">\n\t<div class=\"col-md-6\" style='margin-bottom:20px;'>\n\t\t<p><label>Nombre y Apellidos*<\/label><span class=\"wpcf7-form-control-wrap\" data-name=\"your-name\"><input size=\"40\" maxlength=\"400\" class=\"wpcf7-form-control wpcf7-text wpcf7-validates-as-required\" aria-required=\"true\" aria-invalid=\"false\" value=\"\" type=\"text\" name=\"your-name\" \/><\/span>\n\t\t<\/p>\n\t<\/div>\n\t<div class=\"col-md-6\" style='margin-bottom:20px;'>\n\t\t<p><label>Empresa\/Univ\/Hosp*<\/label><span class=\"wpcf7-form-control-wrap\" data-name=\"your-job\"><input size=\"40\" maxlength=\"400\" class=\"wpcf7-form-control wpcf7-text wpcf7-validates-as-required\" aria-required=\"true\" aria-invalid=\"false\" value=\"\" type=\"text\" name=\"your-job\" \/><\/span>\n\t\t<\/p>\n\t<\/div>\n<\/div>\n<div class=\"row\">\n\t<div class=\"col-md-6\" style='margin-bottom:20px;'>\n\t\t<p><label>Email*<\/label><span class=\"wpcf7-form-control-wrap\" data-name=\"your-email\"><input size=\"40\" maxlength=\"400\" class=\"wpcf7-form-control wpcf7-email wpcf7-validates-as-required wpcf7-text wpcf7-validates-as-email\" aria-required=\"true\" aria-invalid=\"false\" value=\"\" type=\"email\" name=\"your-email\" \/><\/span>\n\t\t<\/p>\n\t<\/div>\n\t<div class=\"col-md-6\" style='margin-bottom:20px;'>\n\t\t<p><label>Tel\u00e9fono*<\/label><span class=\"wpcf7-form-control-wrap\" data-name=\"your-number\"><input size=\"40\" maxlength=\"400\" class=\"wpcf7-form-control wpcf7-text wpcf7-validates-as-required\" aria-required=\"true\" aria-invalid=\"false\" value=\"\" type=\"text\" name=\"your-number\" \/><\/span>\n\t\t<\/p>\n\t<\/div>\n<\/div>\n<p><label>\u00bfEn qu\u00e9 est\u00e1s interesado?<\/label><span class=\"wpcf7-form-control-wrap\" data-name=\"your-message\"><textarea cols=\"40\" rows=\"10\" maxlength=\"2000\" class=\"wpcf7-form-control wpcf7-textarea\" aria-invalid=\"false\" name=\"your-message\"><\/textarea><\/span>\n<\/p>\n<p><span class=\"wpcf7-form-control-wrap\" data-name=\"acceptance-412\"><span class=\"wpcf7-form-control wpcf7-acceptance\"><span class=\"wpcf7-list-item\"><label><input type=\"checkbox\" name=\"acceptance-412\" value=\"1\" aria-invalid=\"false\" \/><span class=\"wpcf7-list-item-label\">He le\u00eddo y acepto la <a href=\"https:\/\/www.controltecnica.com\/bio\/privacidad\" target=\"_blank\">pol\u00edtica de privacidad<\/a><\/span><\/label><\/span><\/span><\/span><br \/>\n<span class=\"wpcf7-form-control-wrap\" data-name=\"acceptance-581\"><span class=\"wpcf7-form-control wpcf7-acceptance optional\"><span class=\"wpcf7-list-item\"><label><input type=\"checkbox\" name=\"acceptance-581\" value=\"1\" aria-invalid=\"false\" \/><span class=\"wpcf7-list-item-label\">Acepto recibir informaci\u00f3n comercial de CONTROLTECNICA<\/span><\/label><\/span><\/span><\/span>\n<\/p>\n<p><input class=\"wpcf7-form-control wpcf7-submit has-spinner btn-size-large btn btn-color-primary\" type=\"submit\" value=\"ENVIAR MENSAJE\" \/>\n<\/p><div class=\"wpcf7-response-output\" aria-hidden=\"true\"><\/div>\n<\/form>\n<\/div>\n[\/vc_column][\/vc_row]<\/p>\n","protected":false},"excerpt":{"rendered":"<p><strong>CONGELADOR -25\u00ba<\/strong><strong>C est\u00e1tico modelo ZLN 85 Litros<\/strong><strong><br \/>\n<\/strong><\/p>\n<p>Los congeladores de Laboratorio de la serie ZL de Poleko son id\u00f3neos para congelar y almacenar muestras congeladas.<\/p>\n<ul>\n<li>Congeladores estaticos para Laboratorio, descongelacion manual<\/li>\n<li>Camara interior de acero inox<\/li>\n<li>Acabado exterior de acero pintado<\/li>\n<li>Pasamuros lateral izquierdo 20 mm diametro<\/li>\n<li>Puerta exterior solida<\/li>\n<li>Cerradura con llave<\/li>\n<li>Rango de Temperatura +0\u00baC a -25\u00baC<\/li>\n<\/ul>\n<p>En cuanto a sus aplicaciones, destacan:<\/p>\n<ul>\n<li>Almacenamiento a largo plazo de muestras y material biol\u00f3gico para investigaci\u00f3n<\/li>\n<li>Almacenamiento de material de f\u00e1cil descomposici\u00f3n (p.ej. estado s\u00f3lido)<\/li>\n<li>Pruebas de resistencia a la congelaci\u00f3n<\/li>\n<li>Pre-congelado de muestras<\/li>\n<li>Congelaci\u00f3n de plasma<\/li>\n<\/ul>\n<p>Son modelos de una s\u00f3la c\u00e1mara con posibilidad de combinar el ZLN85 con uno de los refrigeradores de Poleko (<a href=\"https:\/\/www.controltecnica.com\/bio\/producto\/neveras-de-laboratorio\/\" target=\"_blank\" rel=\"noopener\">del CHL 2 al 4<\/a>) o con una de sus estufas refrigeradas (de la serie ST 2 a la ST 4) para poder crear\u00a0<strong><a href=\"https:\/\/www.controltecnica.com\/bio\/producto\/combis-de-laboratorio\/\" target=\"_blank\" rel=\"noopener\">COMBIS<\/a><\/strong>\u00a0para su laboratorio.\u00a0<a href=\"https:\/\/www.controltecnica.com\/bio\/producto\/combis-de-laboratorio\/\" target=\"_blank\" rel=\"noopener\">Ver aqu\u00ed.\u00a0<\/a><\/p>\n","protected":false},"featured_media":7124,"template":"","meta":{"iawp_total_views":17},"product_brand":[],"product_cat":[70],"product_tag":[],"class_list":{"0":"post-7123","1":"product","2":"type-product","3":"status-publish","4":"has-post-thumbnail","6":"product_cat-congeladores","8":"first","9":"instock","10":"shipping-taxable","11":"product-type-simple"},"_links":{"self":[{"href":"https:\/\/www.controltecnica.com\/bio\/wp-json\/wp\/v2\/product\/7123","targetHints":{"allow":["GET"]}}],"collection":[{"href":"https:\/\/www.controltecnica.com\/bio\/wp-json\/wp\/v2\/product"}],"about":[{"href":"https:\/\/www.controltecnica.com\/bio\/wp-json\/wp\/v2\/types\/product"}],"wp:featuredmedia":[{"embeddable":true,"href":"https:\/\/www.controltecnica.com\/bio\/wp-json\/wp\/v2\/media\/7124"}],"wp:attachment":[{"href":"https:\/\/www.controltecnica.com\/bio\/wp-json\/wp\/v2\/media?parent=7123"}],"wp:term":[{"taxonomy":"product_brand","embeddable":true,"href":"https:\/\/www.controltecnica.com\/bio\/wp-json\/wp\/v2\/product_brand?post=7123"},{"taxonomy":"product_cat","embeddable":true,"href":"https:\/\/www.controltecnica.com\/bio\/wp-json\/wp\/v2\/product_cat?post=7123"},{"taxonomy":"product_tag","embeddable":true,"href":"https:\/\/www.controltecnica.com\/bio\/wp-json\/wp\/v2\/product_tag?post=7123"}],"curies":[{"name":"wp","href":"https:\/\/api.w.org\/{rel}","templated":true}]}}